NOAA-Style Climate Reports
Select a Year or Month report
2024: Jan Feb Mar Apr May Jun Jul Aug Sep Oct Nov Dec
2023: Jan Feb Mar Apr May Jun Jul Aug Sep Oct Nov Dec
2022: Jan Feb Mar Apr May Jun Jul Aug Sep Oct Nov Dec
2021: Jan Feb Mar Apr May Jun Jul Aug Sep Oct Nov Dec
2020: Jan Feb Mar Apr May Jun Jul Aug Sep Oct Nov Dec
2019: Jan Feb Mar Apr May Jun Jul Aug Sep Oct Nov Dec
2018: Jan Feb Mar Apr May Jun Jul Aug Sep Oct Nov Dec
2017: Jan Feb Mar Apr May Jun Jul Aug Sep Oct Nov Dec
2016: Jan Feb Mar Apr May Jun Jul Aug Sep Oct Nov Dec
2015: Jan Feb Mar Apr May Jun Jul Aug Sep Oct Nov Dec
2014: Jan Feb Mar Apr May Jun Jul Aug Sep Oct Nov Dec
2013: Jan Feb Mar Apr May Jun Jul Aug Sep Oct Nov Dec
2012: Jan Feb Mar Apr May Jun Jul Aug Sep Oct Nov Dec
2011: Jan Feb Mar Apr May Jun Jul Aug Sep Oct Nov Dec
2010: Jan Feb Mar Apr May Jun Jul Aug Sep Oct Nov Dec
2024: Jan Feb Mar Apr May Jun Jul Aug Sep Oct Nov Dec
2023: Jan Feb Mar Apr May Jun Jul Aug Sep Oct Nov Dec
2022: Jan Feb Mar Apr May Jun Jul Aug Sep Oct Nov Dec
2021: Jan Feb Mar Apr May Jun Jul Aug Sep Oct Nov Dec
2020: Jan Feb Mar Apr May Jun Jul Aug Sep Oct Nov Dec
2019: Jan Feb Mar Apr May Jun Jul Aug Sep Oct Nov Dec
2018: Jan Feb Mar Apr May Jun Jul Aug Sep Oct Nov Dec
2017: Jan Feb Mar Apr May Jun Jul Aug Sep Oct Nov Dec
2016: Jan Feb Mar Apr May Jun Jul Aug Sep Oct Nov Dec
2015: Jan Feb Mar Apr May Jun Jul Aug Sep Oct Nov Dec
2014: Jan Feb Mar Apr May Jun Jul Aug Sep Oct Nov Dec
2013: Jan Feb Mar Apr May Jun Jul Aug Sep Oct Nov Dec
2012: Jan Feb Mar Apr May Jun Jul Aug Sep Oct Nov Dec
2011: Jan Feb Mar Apr May Jun Jul Aug Sep Oct Nov Dec
2010: Jan Feb Mar Apr May Jun Jul Aug Sep Oct Nov Dec
Report for 2019 December
MONTHLY CLIMATOLOGICAL SUMMARY FOR 12/2019 HEAT COOL MEAN DEG DEG WIND SPEED DOM MEAN MEAN DAY TEMP HIGH TIME LOW TIME DAYS DAYS RAIN AVG HI TIME DIR BAROM HUM --------------------------------------------------------------------------------------- 1 47.5 59.5 4:34am 36.5 11:58pm 17 0 0.03 10 42 10:46am SSW 29.48 76 2 34.7 36.6 12:00am 33.2 11:45pm 30 0 0.03 8 28 7:46am SW 29.85 87 3 34.4 38.2 3:33pm 32.1 10:06am 31 0 0.00 5 23 10:55am S 29.85 80 4 41.4 52.2 3:25pm 32.8 12:14am 24 0 0.00 8 32 12:28pm SSW 29.72 69 5 39.8 55.9 3:50pm 26.4 7:26am 25 0 0.00 1 15 11:34am S 30.00 72 6 44.8 51.3 2:44pm 35.8 1:44am 20 0 0.10 2 21 6:46pm NNW 30.09 79 7 35.6 47.3 3:02pm 27.4 8:08am 29 0 0.00 2 18 12:00am NNE 30.28 76 8 44.1 58.4 1:37pm 27.0 5:49am 21 0 0.00 2 21 1:30pm SSE 30.06 79 9 55.4 60.8 8:33pm 50.6 7:21am 10 0 0.32 7 36 12:16pm S 29.69 85 10 34.1 57.0 12:00am 25.4 11:57pm 31 0 0.08 6 29 5:55am SW 30.08 72 11 27.5 40.0 3:31pm 16.6 5:32am 38 0 0.00 3 26 11:20am S 30.41 72 12 33.4 47.8 1:31pm 20.6 4:50am 32 0 0.00 1 13 11:31am NE 30.35 75 13 43.0 47.5 12:41pm 31.4 12:00am 22 0 0.25 1 19 1:16am NE 29.92 86 14 41.0 43.4 2:56pm 38.1 8:02am 24 0 0.20 5 24 2:08pm SW 29.67 89 15 34.9 40.2 12:05am 31.2 7:57am 30 0 0.10 5 28 2:37am NNE 30.02 81 16 36.3 38.1 9:08pm 34.3 2:11am 29 0 1.76 4 23 3:30pm N 29.94 94 17 32.5 37.6 3:51pm 25.6 11:58pm 32 0 0.08 5 24 8:44am W 29.99 86 18 24.5 27.0 4:26pm 19.4 11:59pm 40 0 0.00 4 21 5:18am SSW 30.27 84 19 26.6 43.1 4:33pm 15.0 6:33am 38 0 0.00 1 13 10:47am S 30.44 77 20 33.2 49.2 1:44pm 20.4 8:07am 32 0 0.00 0 10 2:16pm E 30.48 77 21 38.6 53.4 2:24pm 27.5 8:06am 26 0 0.00 1 16 12:57pm S 30.40 73 22 38.8 51.0 2:55pm 29.3 7:12am 26 0 0.00 0 6 1:27pm NE 30.29 81 23 42.3 60.0 2:36pm 31.9 8:07am 23 0 0.00 1 16 12:16pm N 30.08 75 24 40.8 63.1 3:25pm 25.3 7:11am 24 0 0.00 0 10 12:30pm NE 30.06 78 25 46.5 67.9 3:42pm 28.7 7:15am 19 0 0.00 2 24 1:01pm S 30.02 81 26 52.9 64.9 3:09pm 41.1 5:52am 12 0 0.00 1 15 3:42pm S 30.09 80 27 56.2 60.3 3:20pm 50.4 11:59pm 9 0 0.00 1 13 10:38am S 30.16 85 28 55.2 64.7 3:14pm 47.2 1:33am 10 0 0.00 1 13 8:53am NNE 30.09 87 29 59.1 61.3 11:55am 53.7 9:20pm 4 0 0.85 3 34 10:02pm SSE 29.80 89 30 50.6 61.3 11:55am 36.6 9:56pm 24 0 0.06 9 58 2:34am SSW 29.72 83 31 37.3 38.3 1:36am 36.2 11:51pm 28 0 0.00 11 40 9:54am SSW 29.85 71 --------------------------------------------------------------------------------------- TOT 40.4 67.9 12/25/19 15.0 12/19/19 760 0 5.01 4 53 12/30/19 SSW 30.04 80 HEAT BASE: 65.0 COOL BASE: 65.0