NOAA ALL HAZARDS WEATHER RADIO Live Streams

NOAA-Style Climate Reports


Report for 2019 May
                  MONTHLY CLIMATOLOGICAL SUMMARY FOR 5/2019
                                        HEAT  COOL        
     MEAN                               DEG   DEG       WIND SPEED       DOM MEAN  MEAN
DAY  TEMP  HIGH   TIME     LOW   TIME   DAYS  DAYS RAIN AVG  HI  TIME    DIR BAROM HUM
---------------------------------------------------------------------------------------
1    73.9  83.6   4:33pm  64.7   6:46am    0    9  0.00   6  37  12:22pm SSW 30.10   67
2    68.1  82.2   1:10pm  58.5   6:21am    1    4  0.04   2  37   1:47pm SSW 30.12   87
3    66.2  75.1   6:54pm  61.0   2:33am    1    2  0.52   1  16   2:26pm WSW 29.99   89
4    61.4  68.0   1:00pm  56.4  11:37pm    4    0  1.00   2  23   5:13pm NNE 29.90   95
5    59.7  71.8   6:07pm  50.6  11:55pm    6    1  0.59   3  19   2:48pm   N 29.87   84
6    62.0  78.3   5:26pm  44.8   6:43am    7    4  0.00   1  16   2:27pm  NE 30.07   72
7    46.6  82.0   3:53pm  50.3   6:52am   21    3  0.00   1  15   2:03pm WSW 30.10   56
8    71.1  85.8   4:42pm  55.4   6:19am    2    9  0.00   2  18   2:52pm  NE 30.04   72
9    70.5  77.0  12:17pm  65.1  11:55pm    0    6  0.44   5  36  10:57am SSW 29.92   82
10   61.4  65.5  12:46am  54.8  11:56pm    4    0  0.02   3  16   3:50pm WSW 30.07   89
11   58.1  68.7   3:05pm  48.0   6:58am    7    0  0.05   3  19   1:09pm NNE 29.97   85
12   55.6  60.5  12:14am  50.7   8:52am    9    0  0.07   3  21  12:41pm WSW 29.76   93
13   52.7  57.7   5:32pm  48.7   5:31am   12    0  0.00   4  26  11:59am WSW 29.91   81
14   56.7  72.2   2:53pm  43.2   6:40am    9    1  0.00   1  18  12:05pm NNE 30.06   72
15   56.6  73.7   3:27pm  41.7   5:59am   10    2  0.00   0  13   1:30pm   S 30.04   76
16   64.0  82.0   4:46pm  44.6   6:28am    7    6  0.33   1  21   8:41pm   S 29.99   78
17   74.3  90.7   3:39pm  61.2  12:27am    1   10  0.02   1  15   2:41pm   S 29.90   76
18   75.9  91.1   3:19pm  58.4   6:25am    1   12  0.00   1  19  11:13am   S 29.96   71
19   73.4  82.4   2:46pm  67.6  11:23pm    0    8  0.00   2  21  10:28am   S 29.90   73
20   68.4  79.7   5:32pm  59.0   5:34am    1    5  0.23   1  18  12:08pm   S 30.02   72
21   62.1  75.0   5:58pm  51.1   6:29am    5    2  0.00   2  18   4:26pm   N 30.05   76
22   74.9  89.9   3:15pm  59.5   5:12am    1   11  0.00   1  18  11:44am   S 30.02   71
23   73.5  89.9   3:24pm  64.8   6:30am    0    9  0.81   1  15   3:36pm   S 30.13   84
24   78.6  92.5   5:46pm  66.3   5:01am    0   14  0.00   1  11  11:41am   S 30.13   77
25   79.1  90.9   2:36pm  66.9   4:38am    0   14  0.00   1  23   2:40pm   S 30.10   71
26   74.0  90.5   2:43pm  65.2   6:29am    0    9  0.30   1  29   3:53pm SSE 30.09   82
27   75.7  88.4   5:12pm  68.1   6:17am    0   11  0.00   1  10   2:21pm   S 30.01   84
28   79.1  90.7   4:01pm  69.6   4:18am    0   14  0.00   1  19   2:01pm   S 29.87   74
29   72.3  80.4   6:30pm  66.5  11:34am    0    7  1.00   1  24  10:10am SSE 29.85   87
30   68.4  74.0   6:37pm  62.3  11:44pm    0    3  0.83   0  10   4:36pm   S 29.87   93
31   68.9  82.6   2:11pm  60.1  11:54pm    1    5  0.01   1  18   3:01pm   S 29.91   82
---------------------------------------------------------------------------------------
TOT  67.2  92.5  5/24/19  41.7  5/15/19  113  182  6.26   2  37   5/1/19   S 29.99   79

HEAT BASE: 65.0
COOL BASE: 65.0