NOAA ALL HAZARDS WEATHER RADIO Live Streams

NOAA-Style Climate Reports


Report for 2020 January
                  MONTHLY CLIMATOLOGICAL SUMMARY FOR 1/2020
                                        HEAT  COOL        
     MEAN                               DEG   DEG       WIND SPEED       DOM MEAN  MEAN
DAY  TEMP  HIGH   TIME     LOW   TIME   DAYS  DAYS RAIN AVG  HI  TIME    DIR BAROM HUM
---------------------------------------------------------------------------------------
1    39.8  49.1   4:15pm  31.1   8:05am   25    0  0.00   5  26  12:42pm SSW 29.92   65
2    45.3  52.3  11:53pm  33.9   3:21am   20    0  0.16   2  32  11:49am SSE 29.78   78
3    51.5  53.3   3:08pm  49.1  11:39pm   14    0  0.77   2  18   3:51am   S 29.72   96
4    40.0  49.1  12:00am  34.6  11:36pm   25    0  0.09   8  36   5:51pm  SW 29.91   84
5    38.9  48.7   3:57pm  29.4   8:23am   26    0  0.00   7  29   2:21pm   S 30.14   72
6    37.7  49.5   4:11pm  27.9  10:47pm   27    0  0.00   2  19  12:47am  SW 30.14   68
7    39.8  49.3   3:39pm  30.1  12:00am   25    0  0.00   5  32   3:54pm SSW 30.03   60
8    37.8  46.9   3:27pm  29.4   9:45pm   27    0  0.00   5  24   2:15am SSW 30.30   52
9    45.1  59.5   1:53pm  28.2   7:34am   20    0  0.00   4  29   2:40pm SSE 30.32   50
10   59.1  66.2   2:54pm  53.8  12:43am    6    0  0.13   4  29  11:50am SSE 30.15   70
11   61.4  71.5  12:15pm  46.2  11:59pm    4    1  1.09   9  49  10:12am   S 29.75   84
12   41.0  46.2  12:00am  34.3  11:39pm   24    0  0.00   4  47  12:03am SSW 30.20   86
13   40.1  48.7   4:18pm  31.9   4:16am   25    0  0.01   1  11   9:56am   S 30.29   87
14   47.4  56.4   4:16pm  37.7  11:54pm   18    0  0.00   3  23   8:48am SSW 30.13   87
15   49.9  66.8   4:21pm  36.2   2:48am   15    0  0.04   4  36   5:57pm SSW 30.06   91
16   39.3  49.5  12:04am  27.5  11:44pm   26    0  0.00   6  29  12:47pm   W 30.46   69
17   29.8  35.7  11:56pm  24.2   6:30am   35    0  0.00   6  26  10:27am NNE 30.60   68
18   44.9  52.5   3:58pm  33.9  11:59pm   20    0  0.48  10  47  12:32pm   S 29.99   76
19   22.6  33.8  12:00am  15.1  11:57pm   42    0  0.00   9  37   3:45am WSW 30.24   71
20   20.0  27.6   3:41pm  14.0   2:53am   44    0  0.00   3  13  11:19am   W 30.54   74
21   25.2  34.5   3:54pm  19.0  11:32pm   40    0  0.00   2  16   4:59am   N 30.57   67
22   27.0  42.2   4:02pm  12.6   6:43am   38    0  0.00   1  10   9:53am ENE 30.36   71
23   38.0  50.8   2:04pm  28.5   1:22am   27    0  0.27   1  11   2:55pm  NE 30.13   72
24   43.3  51.0   2:41pm  39.4  11:57pm   22    0  1.03   3  32   6:10pm   S 29.85   91
25   35.3  39.5  12:00am  33.4   8:35pm   30    0  0.06   9  31  11:47am SSW 29.97   88
26   37.2  44.5   2:38pm  31.6   6:11am   28    0  0.00   5  23  12:21am   S 29.98   80
27   38.3  45.9   3:24pm  31.6   8:16am   27    0  0.00   3  18  12:14pm   W 29.91   81
28   34.7  37.1   4:21pm  32.6   5:58am   30    0  0.00   1   8  10:56am   W 30.06   80
29   34.6  37.9   1:28pm  29.9  11:46pm   30    0  0.00   3  18  11:47am NNE 30.10   81
30   36.3  44.6   3:10pm  28.6   8:23am   29    0  0.00   1  13  11:28am NNE 30.15   78
31   37.9  42.1   3:13pm  34.4  11:07am   27    0  0.17   1  11  10:52am NNE 30.10   85
---------------------------------------------------------------------------------------
TOT  39.3  71.5  1/11/20  12.6  1/22/20  796    1  4.30   4  49  1/11/20 SSW 30.12   76

HEAT BASE: 65.0
COOL BASE: 65.0