NOAA-Style Climate Reports

Select a Year or Month report
2020: Jan Feb Mar Apr May Jun Jul Aug Sep Oct Nov Dec
2019: Jan Feb Mar Apr May Jun Jul Aug Sep Oct Nov Dec
2018: Jan Feb Mar Apr May Jun Jul Aug Sep Oct Nov Dec
2017: Jan Feb Mar Apr May Jun Jul Aug Sep Oct Nov Dec
2016: Jan Feb Mar Apr May Jun Jul Aug Sep Oct Nov Dec
2015: Jan Feb Mar Apr May Jun Jul Aug Sep Oct Nov Dec
2014: Jan Feb Mar Apr May Jun Jul Aug Sep Oct Nov Dec
2013: Jan Feb Mar Apr May Jun Jul Aug Sep Oct Nov Dec
2012: Jan Feb Mar Apr May Jun Jul Aug Sep Oct Nov Dec
2011: Jan Feb Mar Apr May Jun Jul Aug Sep Oct Nov Dec
2010: Jan Feb Mar Apr May Jun Jul Aug Sep Oct Nov Dec

Report for 2020 February
                  MONTHLY CLIMATOLOGICAL SUMMARY FOR 2/2020
                                        HEAT  COOL        
     MEAN                               DEG   DEG       WIND SPEED       DOM MEAN  MEAN
DAY  TEMP  HIGH   TIME     LOW   TIME   DAYS  DAYS RAIN AVG  HI  TIME    DIR BAROM HUM
---------------------------------------------------------------------------------------
1    39.2  44.0   1:53pm  36.1   5:00am   26    0  0.01   4  36   6:10pm SSW 29.96   86
2    47.1  64.2   4:37pm  31.7   2:30am   18    0  0.00   7  39  12:30pm   S 29.78   66
3    56.3  67.5   4:54pm  42.6   3:38am    9    0  0.00   5  40   8:21pm   S 29.80   57
4    55.5  63.7  12:35am  38.1  11:58pm    9    0  0.69   6  36   1:46am   S 29.79   86
5    35.5  38.2  12:00am  33.6   5:06am   30    0  0.40   8  28   7:45am NNE 29.84   93
6    34.6  36.6   1:18pm  30.7  11:54pm   30    0  0.23   3  19  10:03am   W 29.50   95
7    29.4  32.6   2:21pm  26.4  11:04pm   36    0  0.00   5  29  11:44am  SW 29.75   85
8    32.1  38.2   3:20pm  27.8  12:00am   33    0  0.01   3  19  11:31am   S 30.19   84
9    37.4  52.3  10:36pm  22.3   4:19am   28    0  0.01   3  36  10:41pm SSE 30.27   77
10   47.3  51.8   4:19pm  40.1  11:59pm   18    0  0.67   5  31  12:16am   S 30.03   92
11   37.6  40.4   3:58pm  33.6  11:52pm   27    0  0.14   3  21   7:33am   W 30.10   90
12   35.4  38.1  11:34am  31.4   1:25am   30    0  1.26   3  31   7:54pm NNE 29.99   92
13   34.5  39.3   1:35pm  22.6  11:54pm   31    0  0.04   6  28   5:11pm  SW 29.98   86
14   20.0  27.5   4:53pm  15.1   9:01am   45    0  0.00   4  24   1:00am   W 30.53   69
15   30.3  47.3   4:07pm  12.5   3:05am   35    0  0.00   3  28   4:47pm   S 30.38   63
16   41.7  51.6   3:44pm  31.8  11:58pm   23    0  0.00   1  13   1:20pm   S 30.12   66
17   42.9  56.3   2:52pm  27.4   4:33am   22    0  0.00   2  26  11:21pm  NE 30.05   75
18   48.5  55.2   1:21am  36.0  11:14pm   17    0  0.28   4  28   1:24pm   W 30.06   87
19   35.7  47.4   3:56pm  26.1   6:55am   29    0  0.00   2  15  10:09am   W 30.45   72
20   31.7  38.4   1:00pm  21.9  11:51pm   33    0  0.00   6  29   8:27pm  NW 30.51   65
21   25.7  39.7   5:10pm  14.1   5:33am   39    0  0.00   1  13  12:00am   S 30.62   63
22   32.2  51.6   4:57pm  15.5   5:29am   33    0  0.00   2  23   3:09pm   S 30.41   57
23   40.6  57.2   3:25pm  22.9   3:37am   24    0  0.00   4  24  11:33am   S 30.16   59
24   44.3  46.3  11:48am  41.6   7:46am   21    0  0.60   2  19  11:15am SSE 29.89   85
25   49.7  54.0  12:28pm  45.2  12:01am   15    0  0.41   4  31  12:47pm   S 29.73   92
26   39.1  46.6  12:00am  28.2  11:58pm   26    0  0.21   7  34  11:50pm SSW 29.88   90
27   30.9  37.3   3:48pm  26.2   7:47am   34    0  0.00   7  34   1:18pm  SW 30.13   66
28   34.4  40.6   3:57pm  29.3  11:54pm   31    0  0.00   6  32   3:08pm  SW 30.05   68
29   29.1  40.2   5:23pm  20.0   7:22am   36    0  0.01   4  24  12:25pm  SW 30.23   61
---------------------------------------------------------------------------------------
TOT  37.9  67.5   2/3/20  12.5  2/15/20  787    0  4.97   4  37   2/2/20   S 30.07   77

HEAT BASE: 65.0
COOL BASE: 65.0