NOAA-Style Climate Reports

Select a Year or Month report
2020: Jan Feb Mar Apr May Jun Jul Aug Sep Oct Nov Dec
2019: Jan Feb Mar Apr May Jun Jul Aug Sep Oct Nov Dec
2018: Jan Feb Mar Apr May Jun Jul Aug Sep Oct Nov Dec
2017: Jan Feb Mar Apr May Jun Jul Aug Sep Oct Nov Dec
2016: Jan Feb Mar Apr May Jun Jul Aug Sep Oct Nov Dec
2015: Jan Feb Mar Apr May Jun Jul Aug Sep Oct Nov Dec
2014: Jan Feb Mar Apr May Jun Jul Aug Sep Oct Nov Dec
2013: Jan Feb Mar Apr May Jun Jul Aug Sep Oct Nov Dec
2012: Jan Feb Mar Apr May Jun Jul Aug Sep Oct Nov Dec
2011: Jan Feb Mar Apr May Jun Jul Aug Sep Oct Nov Dec
2010: Jan Feb Mar Apr May Jun Jul Aug Sep Oct Nov Dec

Report for 2020 April
                  MONTHLY CLIMATOLOGICAL SUMMARY FOR 4/2020
                                        HEAT  COOL        
     MEAN                               DEG   DEG       WIND SPEED       DOM MEAN  MEAN
DAY  TEMP  HIGH   TIME     LOW   TIME   DAYS  DAYS RAIN AVG  HI  TIME    DIR BAROM HUM
---------------------------------------------------------------------------------------
1    46.3  54.7   3:29pm  40.7   5:28am   19    0  0.00   4  21   2:14pm   W 29.98   76
2    48.9  63.3   6:24pm  32.7   7:26am   16    0  0.00   1  18  12:35pm  NW 30.11   71
3    53.7  71.6   5:20pm  37.7   4:29am   12    1  0.00   1  11   1:06pm  NE 30.05   67
4    58.5  76.7   5:39pm  41.3   6:01am    9    3  0.00   1  21  10:57pm   W 29.98   67
5    59.5  70.2   2:46pm  51.1   8:01am    6    1  0.02   3  18   3:20pm   W 30.02   78
6    60.2  73.8   6:24pm  49.2   6:11am    7    2  0.00   1  19   3:49pm NNE 30.04   77
7    66.2  78.4   6:46pm  50.7   7:21am    4    6  0.00   5  29   3:35pm   S 29.84   76
8    72.7  82.7   7:02pm  57.5  11:57pm    0    8  0.28   8  42  11:23pm SSW 29.65   74
9    53.4  58.2   3:42am  43.0  11:52pm   12    0  0.24  10  42   2:42pm WSW 29.72   57
10   42.7  52.3   6:53pm  33.6   7:26am   22    0  0.00   6  40   1:12am WSW 30.00   58
11   48.3  63.3   3:27pm  30.5   5:16am   17    0  0.00   2  21   4:22pm   S 30.00   56
12   56.4  63.2  11:03am  51.2   5:10am    9    0  0.99   3  34   2:22pm SSE 29.74   72
13   49.8  62.8   2:28am  38.5  11:49pm   15    0  0.78   7  42   9:27am  SW 29.76   81
14   40.5  46.7   5:52pm  31.4  11:58pm   25    0  0.00   2  21   3:40pm   W 30.19   61
15   40.4  54.9   3:06pm  24.0   6:38am   25    0  0.00   5  40   5:33pm SSW 30.11   64
16   40.4  53.2   5:52pm  25.1   7:29am   24    0  0.00   2  19   5:29pm WSW 30.30   62
17   49.1  60.8  11:57am  39.2  12:39am   16    0  0.28   3  40  12:44pm  SW 30.04   72
18   44.9  56.8   6:19pm  36.1   5:54am   20    0  0.05   4  29   3:37am   W 30.03   70
19   48.8  60.1   2:27pm  35.9   6:04am   16    0  0.00   1  13  10:06am   S 29.85   71
20   54.7  67.0   6:55pm  39.2   7:16am   11    0  0.00   3  24   4:53pm  SW 29.73   61
21   56.3  61.8  12:18pm  42.7  11:59pm    9    0  0.00   8  42   9:07am WSW 29.81   49
22   52.7  70.9   5:21pm  31.5   7:06am   13    1  0.00   2  28   4:35pm   S 30.00   57
23   54.6  58.0   3:24am  51.7   7:56am   10    0  1.58   1  16   3:21am  NE 29.69   88
24   57.3  66.4   5:18pm  49.9  11:45pm    8    0  0.01   3  26  10:13am   W 29.75   85
25   55.0  67.2   1:00pm  44.9   3:52am   10    0  0.62   2  29   3:03pm  NE 29.77   90
26   49.7  56.5   8:00pm  41.2  11:40pm   15    0  0.41   4  23  12:28pm WSW 29.84   92
27   51.9  67.7   6:08pm  34.5   7:04am   13    0  0.01   2  19   4:54pm   S 30.16   69
28   62.6  74.1   4:23pm  52.6   7:43am    4    2  0.00   5  36   2:41pm   S 29.97   60
29   60.2  69.5   9:47am  51.6   9:54pm    5    1  0.06   6  42  12:59pm SSE 29.65   74
30   48.8  52.2   1:10am  46.1   8:56am   16    0  0.16   7  32   6:40am  SW 29.73   88
---------------------------------------------------------------------------------------
TOT  52.8  82.7   4/8/20  24.0  4/15/20  389   24  5.49   4  42   4/9/20  SW 29.92   71

HEAT BASE: 65.0
COOL BASE: 65.0