NOAA-Style Climate Reports

Select a Year or Month report
2020: Jan Feb Mar Apr May Jun Jul Aug Sep Oct Nov Dec
2019: Jan Feb Mar Apr May Jun Jul Aug Sep Oct Nov Dec
2018: Jan Feb Mar Apr May Jun Jul Aug Sep Oct Nov Dec
2017: Jan Feb Mar Apr May Jun Jul Aug Sep Oct Nov Dec
2016: Jan Feb Mar Apr May Jun Jul Aug Sep Oct Nov Dec
2015: Jan Feb Mar Apr May Jun Jul Aug Sep Oct Nov Dec
2014: Jan Feb Mar Apr May Jun Jul Aug Sep Oct Nov Dec
2013: Jan Feb Mar Apr May Jun Jul Aug Sep Oct Nov Dec
2012: Jan Feb Mar Apr May Jun Jul Aug Sep Oct Nov Dec
2011: Jan Feb Mar Apr May Jun Jul Aug Sep Oct Nov Dec
2010: Jan Feb Mar Apr May Jun Jul Aug Sep Oct Nov Dec

Report for 2020 May
                  MONTHLY CLIMATOLOGICAL SUMMARY FOR 5/2020
                                        HEAT  COOL        
     MEAN                               DEG   DEG       WIND SPEED       DOM MEAN  MEAN
DAY  TEMP  HIGH   TIME     LOW   TIME   DAYS  DAYS RAIN AVG  HI  TIME    DIR BAROM HUM
---------------------------------------------------------------------------------------
1    54.5  69.6   6:13pm  43.4   6:35am   11    1  0.00   3  19   1:40pm  SW 29.98   70
2    67.0  82.4   5:17pm  49.5   3:28am    5    7  0.02   5  34   5:01pm   S 29.98   63
3    68.5  80.4   2:01pm  58.6  11:57pm    1    4  0.44   3  42   4:53pm   S 29.85   76
4    62.0  75.8   3:58pm  45.1   6:26am    6    3  0.00   2  21  10:12pm   N 29.95   66
5    50.7  59.3  12:01am  46.0  10:52pm   14    0  0.44   4  23   6:58am NNE 29.80   86
6    49.1  60.0   5:57pm  41.4   7:54am   16    0  0.00   5  28   4:46pm   W 29.98   67
7    52.7  67.2   6:18pm  35.0   6:33am   12    0  0.00   4  34   2:55pm SSW 30.02   63
8    49.3  53.8   6:57pm  39.0  11:58pm   16    0  0.83   4  37   1:37pm   W 29.89   75
9    43.0  57.5   7:34pm  26.6   6:34am   22    0  0.00   3  26   3:06pm   W 30.21   56
10   51.0  66.5   3:41pm  36.7   2:55am   14    0  0.01   7  65   3:46pm  SW 30.10   65
11   45.1  51.2   2:28pm  35.2   6:16am   20    0  0.00   4  26  12:47am WSW 30.19   66
12   49.5  61.3   3:02pm  34.6   5:26am   15    0  0.00   1  19   4:29pm  SW 30.24   67
13   51.0  53.7  11:09pm  48.4   3:21am   14    0  0.22   1  23  12:55pm  NE 30.23   88
14   67.2  82.4   6:24pm  52.9   4:25am    4    6  0.00   5  42   2:39pm   S 30.07   74
15   70.5  78.4   2:37pm  65.2  11:41pm    0    5  0.46   4  34  10:30am   S 29.95   74
16   69.6  81.2   2:46pm  64.0   4:40am    0    5  1.18   1  19   5:34pm   N 29.96   89
17   72.3  83.8   2:14pm  62.2   6:20am    0    8  0.04   2  21  10:32am   S 29.86   81
18   66.6  74.3   2:48pm  59.3  11:51pm    1    3  1.75   2  26   3:04pm SSE 29.72   90
19   60.1  65.6   2:16pm  57.7   3:03am    5    0  0.47   2  23   8:45pm NNE 29.75   94
20   57.4  62.7   3:58pm  53.9   8:12am    8    0  0.00   8  29   2:39pm NNE 29.96   84
21   60.5  69.5   5:42pm  54.1   2:37am    5    1  0.00   3  18   1:00am NNE 30.01   84
22   67.8  81.5   5:29pm  54.7   6:32am    3    6  0.00   1  16   2:31pm   S 29.97   78
23   70.1  83.8   3:37pm  63.6   6:55am    0    5  1.10   2  42   4:14pm   S 29.95   85
24   75.1  87.6   5:16pm  63.0   6:37am    0   10  0.94   2  19  12:00am   S 29.97   81
25   74.6  87.8  12:57pm  63.7   6:37am    0   10  0.06   1  23   1:21pm   S 29.98   81
26   75.3  88.0   3:26pm  65.9   6:28am    0   10  0.00   1  26   4:45pm SSW 29.98   80
27   74.3  81.8   3:29pm  68.0  11:31pm    0    9  0.00   2  23  12:51pm SSE 29.94   80
28   73.7  83.2   3:44pm  66.9   8:03am    0    9  0.01   3  24  12:10pm   S 29.90   78
29   69.1  80.3   4:31pm  62.4  11:56pm    0    4  0.04   4  29   1:58pm   S 29.93   84
30   65.9  75.6   2:56pm  55.7   6:07am    2    3  0.00   3  26   4:27pm   W 30.05   76
31   63.3  74.5   5:51pm  52.2   6:32am    4    3  0.00   3  24  12:20pm   N 30.19   61
---------------------------------------------------------------------------------------
TOT  62.2  88.0  5/26/20  26.6   5/9/20  200  112  8.01   3  57  5/10/20   S 29.99   76

HEAT BASE: 65.0
COOL BASE: 65.0