NOAA ALL HAZARDS WEATHER RADIO Live Streams

NOAA-Style Climate Reports


Report for 2020 June
                  MONTHLY CLIMATOLOGICAL SUMMARY FOR 6/2020
                                        HEAT  COOL        
     MEAN                               DEG   DEG       WIND SPEED       DOM MEAN  MEAN
DAY  TEMP  HIGH   TIME     LOW   TIME   DAYS  DAYS RAIN AVG  HI  TIME    DIR BAROM HUM
---------------------------------------------------------------------------------------
1    64.1  80.0   6:57pm  45.1   6:13am    6    5  0.00   1  16   1:40pm NNE 30.22   58
2    74.5  88.4   4:47pm  57.7   6:46am    1   11  0.00   4  29   5:53pm SSW 30.02   60
3    77.4  88.3   5:11pm  65.0   6:38am    0   12  0.00   4  28   2:17pm SSW 29.87   64
4    74.8  85.6   2:33pm  69.2   2:40am    0   10  0.28   3  36   3:09pm   S 29.79   83
5    76.5  88.6   3:42pm  67.9   5:22am    0   11  0.01   1  15   2:32pm   W 29.84   81
6    80.0  92.4   6:24pm  65.8   6:01am    0   15  0.00   2  21   2:30pm  SW 29.91   73
7    75.1  84.7   3:42pm  63.5   6:48am    0   10  0.00   3  19  12:28pm NNE 29.95   62
8    73.6  87.4   4:49pm  57.7   4:38am    1   10  0.00   2  23  10:11am NNE 29.91   64
9    79.4  87.2   5:19pm  70.8   5:09am    0   14  0.22   4  32   5:55pm SSE 29.78   74
10   80.1  91.5   3:14pm  71.5  11:15pm    0   15  0.16   8  42   6:51pm   S 29.71   74
11   71.8  81.6   6:51pm  59.3  11:59pm    1    7  0.00   4  28   1:51am  SW 30.07   61
12   71.0  86.5   4:41pm  53.3   6:18am    3    9  0.00   2  24   1:04pm NNW 30.18   62
13   70.1  84.4   4:00pm  53.5   6:11am    3    8  0.00   3  26  11:41am   N 30.11   70
14   65.3  73.8   2:36pm  56.8  11:55pm    2    3  0.00   3  23   4:15pm   N 30.17   75
15   65.2  77.1   4:58pm  52.5   6:16am    4    4  0.00   3  24   6:36pm   N 30.22   74
16   68.2  79.9   6:14pm  55.8   6:38am    2    5  0.00   3  24   4:51pm NNE 30.22   69
17   69.6  80.5   4:53pm  57.1   6:02am    2    6  0.00   3  23   3:00pm   N 30.10   70
18   69.2  83.6   5:56pm  59.2   6:20am    1    5  0.35   1  24   5:57pm   N 30.00   81
19   74.1  88.3   4:23pm  62.8   2:36am    0    9  0.18   2  21   2:43pm   S 30.00   78
20   77.5  91.2   4:33pm  63.0   5:59am    0   13  0.00   2  16   3:12pm SSW 29.96   72
21   73.9  88.1  11:58am  66.0   6:32am    0    9  1.09   1  40   1:19pm SSW 29.88   82
22   76.2  87.3   5:35pm  67.1   3:46am    0   11  0.00   4  28   6:27pm SSW 29.86   80
23   74.0  80.8   5:55pm  66.2  11:58pm    0    9  0.39   6  32   1:20pm  SW 29.73   80
24   72.3  82.7   5:57pm  61.0   3:06am    1    8  0.00   3  21   6:08pm  SW 29.85   70
25   73.0  85.9   5:17pm  57.0   5:41am    2    9  0.00   3  21   3:19pm SSW 29.96   68
26   76.3  88.1   4:46pm  61.4   6:27am    0   12  0.00   4  26  12:05pm   S 30.02   72
27   74.3  81.6   5:35pm  68.5  11:48pm    0    9  0.05   6  28  10:00am   S 29.89   86
28   73.1  80.9   6:47pm  67.8   1:42am    0    8  0.05   3  19   3:44pm   S 29.82   90
29   78.0  89.9   7:27pm  70.2   4:13am    0   13  0.17   2  24  10:22pm SSW 29.90   85
30   75.1  85.8   5:13pm  67.9   6:09am    0   10  0.10   2  28  12:04am   S 29.90   85
---------------------------------------------------------------------------------------
TOT  73.5  92.4   6/6/20  45.1   6/1/20   28  282  3.05   3  42  6/10/20   S 29.96   73

HEAT BASE: 65.0
COOL BASE: 65.0