NOAA ALL HAZARDS WEATHER RADIO Live Streams

NOAA-Style Climate Reports

Select a Year or Month report
2021: Jan Feb Mar Apr May Jun Jul Aug Sep Oct Nov Dec
2020: Jan Feb Mar Apr May Jun Jul Aug Sep Oct Nov Dec
2019: Jan Feb Mar Apr May Jun Jul Aug Sep Oct Nov Dec
2018: Jan Feb Mar Apr May Jun Jul Aug Sep Oct Nov Dec
2017: Jan Feb Mar Apr May Jun Jul Aug Sep Oct Nov Dec
2016: Jan Feb Mar Apr May Jun Jul Aug Sep Oct Nov Dec
2015: Jan Feb Mar Apr May Jun Jul Aug Sep Oct Nov Dec
2014: Jan Feb Mar Apr May Jun Jul Aug Sep Oct Nov Dec
2013: Jan Feb Mar Apr May Jun Jul Aug Sep Oct Nov Dec
2012: Jan Feb Mar Apr May Jun Jul Aug Sep Oct Nov Dec
2011: Jan Feb Mar Apr May Jun Jul Aug Sep Oct Nov Dec
2010: Jan Feb Mar Apr May Jun Jul Aug Sep Oct Nov Dec

Report for 2020 July
                  MONTHLY CLIMATOLOGICAL SUMMARY FOR 7/2020
                                        HEAT  COOL        
     MEAN                               DEG   DEG       WIND SPEED       DOM MEAN  MEAN
DAY  TEMP  HIGH   TIME     LOW   TIME   DAYS  DAYS RAIN AVG  HI  TIME    DIR BAROM HUM
---------------------------------------------------------------------------------------
1    77.7  88.2   5:03pm  69.7   5:11am    0   13  0.46   1  16   5:13pm SSW 29.85   84
2    80.1  89.8   6:26pm  70.6   6:40am    0   15  0.00   2  19   1:07pm NNE 29.91   73
3    79.0  90.9   3:46pm  64.5   6:32am    0   14  0.00   2  18   2:01pm   N 29.94   72
4    80.8  93.8   2:21pm  66.5   5:54am    0   16  0.00   2  16   3:36pm   N 29.90   71
5    81.7  96.2   3:58pm  67.3   6:27am    0   17  0.00   1  21   8:59pm NNE 29.89   71
6    80.0  94.5   4:38pm  70.2   5:47am    0   15  0.00   2  26   5:58pm   N 29.94   75
7    80.7  93.8   4:24pm  68.3   5:26am    0   16  0.00   1  13   4:37pm   N 29.93   75
8    80.2  90.9   5:43pm  69.6   6:43am    0   15  0.12   1  15  12:36pm  SW 29.88   78
9    78.7  93.3  12:44pm  70.3   6:33am    0   14  0.64   1  29   1:48pm NNE 29.85   84
10   80.2  89.3   1:03pm  71.6   5:16am    0   15  0.00   5  36   2:23pm SSW 29.81   79
11   77.1  88.5   5:32pm  67.2   6:51am    0   12  0.19   3  47   8:33pm  SW 29.86   73
12   74.0  84.5   3:22pm  65.3   3:10am    0    9  0.00   2  18   3:52am   W 29.79   79
13   73.7  85.8   5:16pm  60.2   6:23am    1    9  0.00   2  21   1:51pm   W 29.89   74
14   75.7  91.1   6:56pm  60.5   7:12am    1   11  0.00   1  13   2:04pm  SW 29.97   71
15   79.2  94.3   5:35pm  60.9   6:36am    0   15  0.00   2  19   2:16pm   S 29.99   68
16   81.2  88.9   4:38pm  76.3  11:50pm    0   16  0.00   5  26   1:10pm SSW 29.97   77
17   77.7  86.6   6:41pm  70.1   6:31am    0   13  0.00   1  16   1:59pm   S 30.09   81
18   81.8  92.8   4:07pm  69.8   5:39am    0   17  0.00   3  21   2:36pm   S 30.03   78
19   84.1  93.4   5:19pm  74.3   3:50am    0   19  0.00   5  34  12:07pm SSW 29.94   74
20   80.8  92.0   3:01pm  74.0   6:20am    0   16  0.00   2  21   4:41pm SSW 29.94   80
21   82.0  94.0   5:55pm  69.2   6:27am    0   17  0.00   2  21   1:41pm SSW 29.97   75
22   79.1  91.1   4:52pm  71.1   6:33am    0   14  0.24   3  37   7:28pm   S 29.98   81
23   76.6  85.3   5:54pm  71.9   6:04am    0   12  0.09   2  21   3:25pm   S 30.04   88
24   79.4  90.4   3:54pm  68.3   6:44am    0   14  0.00   2  19   4:32pm   W 30.06   76
25   80.2  92.9   4:57pm  66.8   6:13am    0   15  0.00   1  16   3:42pm  SW 30.05   75
26   80.6  92.3   2:04pm  70.1   6:47am    0   16  0.00   3  23   7:59pm   S 30.04   78
27   80.1  92.6   5:08pm  70.8   6:36am    0   15  0.00   4  34   5:57pm   S 29.95   78
28   80.2  89.6   5:20pm  73.8   5:25am    0   15  0.00   2  23   1:46pm SSW 29.91   76
29   81.7  94.3   4:58pm  68.5   7:02am    0   17  0.00   2  19   2:51pm  SW 29.90   71
30   76.4  82.6   9:33am  70.6  11:59pm    0   11  1.66   1  21   7:59pm   S 29.80   90
31   73.4  81.5   3:18pm  68.3   3:09am    0    8  0.20   1  13   4:40pm NNE 29.79   92
---------------------------------------------------------------------------------------
TOT  79.2  96.2   7/5/20  60.2  7/13/20    2  441  3.60   2  39  7/11/20 SSW 29.93   77

HEAT BASE: 65.0
COOL BASE: 65.0