Flood Warning
Major flooding is occurring and major flooding is forecast.
The river will rise to 40.2 feet this morning.
kentucky river
NOAA ALL HAZARDS WEATHER RADIO Live Streams

NOAA-Style Climate Reports

Select a Year or Month report
2021: Jan Feb Mar Apr May Jun Jul Aug Sep Oct Nov Dec
2020: Jan Feb Mar Apr May Jun Jul Aug Sep Oct Nov Dec
2019: Jan Feb Mar Apr May Jun Jul Aug Sep Oct Nov Dec
2018: Jan Feb Mar Apr May Jun Jul Aug Sep Oct Nov Dec
2017: Jan Feb Mar Apr May Jun Jul Aug Sep Oct Nov Dec
2016: Jan Feb Mar Apr May Jun Jul Aug Sep Oct Nov Dec
2015: Jan Feb Mar Apr May Jun Jul Aug Sep Oct Nov Dec
2014: Jan Feb Mar Apr May Jun Jul Aug Sep Oct Nov Dec
2013: Jan Feb Mar Apr May Jun Jul Aug Sep Oct Nov Dec
2012: Jan Feb Mar Apr May Jun Jul Aug Sep Oct Nov Dec
2011: Jan Feb Mar Apr May Jun Jul Aug Sep Oct Nov Dec
2010: Jan Feb Mar Apr May Jun Jul Aug Sep Oct Nov Dec

Report for 2020 November
                  MONTHLY CLIMATOLOGICAL SUMMARY FOR 11/2020
                                        HEAT  COOL        
     MEAN                               DEG   DEG       WIND SPEED       DOM MEAN  MEAN
DAY  TEMP  HIGH   TIME     LOW   TIME   DAYS  DAYS RAIN AVG  HI  TIME    DIR BAROM HUM
---------------------------------------------------------------------------------------
1    48.8  54.6   9:55am  34.4  11:57pm   16    0  0.00   9  53   1:47pm WSW 30.15   59
2    37.4  49.6   3:48pm  25.5   7:38am   28    0  0.00   2  23   1:39pm SSW 30.37   57
3    46.6  64.9   3:50pm  32.3   4:55am   18    0  0.00   1  16   9:48am   S 30.25   59
4    52.9  72.4   3:41pm  37.5   7:17am   13    1  0.00   1  19   2:13pm   S 30.30   66
5    52.5  67.4   1:57pm  38.9   6:51am   13    0  0.00   1  19  11:41am   S 30.30   71
6    52.3  72.6   3:25pm  35.6   7:14am   14    1  0.00   0   8  12:18pm SSW 30.28   75
7    54.7  76.8   2:34pm  36.5   7:01am   13    2  0.00   0   6  12:33pm  SW 30.24   73
8    60.2  81.2   2:49pm  44.9   5:14am    9    4  0.00   0  15   3:17pm NNE 30.24   76
9    63.4  81.9   3:59pm  48.5   7:14am    6    4  0.00   0  16   2:37pm   E 30.15   74
10   67.9  80.6   3:03pm  55.9   7:43am    2    5  0.27   2  26   3:42pm SSE 29.95   76
11   57.2  67.6  12:00am  42.5  11:59pm    8    0  0.31   2  23   3:39am   W 29.94   84
12   42.6  58.0   4:04pm  33.1   7:16am   22    0  0.00   2  23   8:42am   N 30.07   80
13   45.1  59.2   2:31pm  33.8  11:58pm   20    0  0.00   1  23   2:36pm WSW 30.11   74
14   45.5  59.5  11:01pm  30.5   2:18am   20    0  0.01   1  24  10:59pm   E 30.08   75
15   55.1  62.1   5:12am  43.8  11:59pm   10    0  0.20  10  57  11:08am SSW 29.83   62
16   46.0  55.9   3:45pm  34.5   7:37am   19    0  0.00   4  24  11:05am   S 30.18   54
17   41.3  46.9   3:32am  26.9  11:59pm   24    0  0.00   6  29   9:49am   W 30.36   59
18   36.7  50.5   4:02pm  23.6   7:45am   28    0  0.00   1  16   3:02pm   E 30.56   67
19   51.1  66.5   3:29pm  37.3   6:26am   14    0  0.00   4  37  11:00am   S 30.36   45
20   56.7  66.1   1:58pm  48.5   7:12am    8    0  0.00   5  34  11:10am   S 30.35   58
21   53.7  59.3  12:20am  48.5   7:04pm   11    0  0.00   2  19   6:41pm   N 30.34   85
22   49.1  56.1   2:56pm  39.7  11:12pm   16    0  0.14   4  32   3:45pm WSW 30.11   91
23   40.0  49.1   2:44pm  33.0   4:11am   25    0  0.00   1  16  12:01am SSW 30.31   83
24   45.1  54.4   3:10pm  35.6  12:00am   20    0  0.00   1  15  11:37am   E 30.20   75
25   53.6  60.3   4:09pm  47.7   8:36am   11    0  0.47   3  24  12:08pm ESE 29.90   82
26   51.0  53.4  12:10am  48.7  11:55pm   14    0  0.00   2  19   1:24am   S 30.04   84
27   50.3  58.7   2:41pm  43.2  10:34pm   15    0  0.00   1  11  10:21am   S 30.08   76
28   40.6  53.0   4:39pm  29.9  11:47pm   24    0  0.00   1  15  12:06am   W 30.17   76
29   41.1  56.0   2:30pm  25.9   7:02am   24    0  0.05   0  10  11:13pm NNE 30.02   84
30   34.9  45.2  12:00am  28.9  11:38pm   30    0  0.89   6  29   7:35pm WSW 29.78   92
---------------------------------------------------------------------------------------
TOT  49.1  81.9  11/9/20  23.6 11/18/20  495   19  2.34   2  57 11/15/20   S 30.17   72

HEAT BASE: 65.0
COOL BASE: 65.0