NOAA ALL HAZARDS WEATHER RADIO Live Streams

NOAA-Style Climate Reports


Report for 2021 February
                  MONTHLY CLIMATOLOGICAL SUMMARY FOR 2/2021
                                        HEAT  COOL        
     MEAN                               DEG   DEG       WIND SPEED       DOM MEAN  MEAN
DAY  TEMP  HIGH   TIME     LOW   TIME   DAYS  DAYS RAIN AVG  HI  TIME    DIR BAROM HUM
---------------------------------------------------------------------------------------
1    29.4  33.0  12:00am  27.6   8:31pm   36    0  0.01   6  26  12:09pm   W 30.00   89
2    28.9  35.7   3:14pm  21.2   7:56am   36    0  0.01   6  34   4:58pm   W 30.12   72
3    30.7  40.8   3:56pm  22.2  11:57pm   34    0  0.00   2  18   2:11pm WSW 30.13   73
4    33.0  42.7  11:16pm  22.1  12:00am   32    0  0.23   2  36  11:34pm   E 29.84   80
5    34.7  42.1   4:48pm  28.5   7:49am   30    0  0.00  10  40   2:27am SSW 29.83   67
6    34.7  45.8   5:40pm  26.0   7:00am   30    0  0.00   1  15   1:17am   W 30.03   69
7    25.4  33.6  12:37am  18.5  11:59pm   40    0  0.00   4  24   2:37am   W 30.16   62
8    28.5  41.7   1:05pm  15.9   6:28am   36    0  0.00   2  28   4:41pm   S 30.25   68
9    32.1  34.6   1:05pm  30.1   5:52am   33    0  0.03   2  19  12:51pm NNW 30.23   82
10   27.9  31.1   8:05pm  25.0  11:12am   36    0  0.00   4  23   8:02am   N 30.22   88
11   23.5  26.0  12:00am  20.7   7:12am   42    0  0.00   0   0  12:00am   N 30.23   88
12   25.1  29.5   4:55pm  21.2   7:57am   40    0  0.00   0   0  12:00am   N 30.23   88
13   26.4  28.9   1:44pm  24.3   6:49am   39    0  0.00   0   0  12:00am   N 30.16   88
14   24.5  27.4   3:40pm  22.6   5:44am   41    0  0.00   1  19   9:12pm   N 30.27   84
15   21.1  24.8   8:14pm  19.1   4:55am   44    0  0.00   5  21   1:22pm   N 30.02   89
16   13.5  19.1  12:00am   3.9  11:08pm   52    0  0.00   4  19  11:12am  SW 30.10   83
17   15.8  23.6   3:05pm   3.9  12:00am   49    0  0.00   2  16  12:56pm NNE 30.35   84
18   25.8  30.9   4:07pm  22.1  12:00am   39    0  0.04   2  15   8:09pm   W 30.22   86
19   23.3  29.7   4:38pm  16.7  11:58pm   42    0  0.09   3  21   4:56pm   W 30.35   76
20   20.3  37.2   3:54pm   4.4   7:01am   45    0  0.13   1  13  11:37am   S 30.46   74
21   30.3  45.3   3:51pm  14.0   7:04am   35    0  0.42   1  24  10:35pm ENE 30.31   77
22   40.2  48.1   3:17am  32.6   8:34pm   25    0  0.14   7  49   3:32am SSW 29.95   77
23   44.5  59.4   5:17pm  33.2  11:42pm   20    0  0.00   5  31   9:21am   S 29.92   61
24   50.9  65.1   3:41pm  32.7  12:09am   14    0  0.01   6  39   3:05pm   S 29.95   62
25   40.0  50.5   3:28pm  27.6   7:15am   25    0  0.00   2  26  12:46am  NW 30.28   69
26   38.0  43.9  11:58pm  33.2   3:00am   27    0  0.10   3  24  10:37am NNE 30.16   77
27   50.5  56.6   2:44pm  43.9  12:00am   14    0  0.21   1  19   8:35am WSW 30.04   88
28   58.9  63.5   4:12pm  51.0  12:15am    6    0  2.86   3  34   6:28am   S 29.85   95
---------------------------------------------------------------------------------------
TOT  31.4  65.1  2/24/21   3.9  2/16/21  941    0  4.28   3  47  2/22/21   W 30.13   78

HEAT BASE: 65.0
COOL BASE: 65.0