NOAA ALL HAZARDS WEATHER RADIO Live Streams

NOAA-Style Climate Reports


Report for 2021 May
                  MONTHLY CLIMATOLOGICAL SUMMARY FOR 5/2021
                                        HEAT  COOL        
     MEAN                               DEG   DEG       WIND SPEED       DOM MEAN  MEAN
DAY  TEMP  HIGH   TIME     LOW   TIME   DAYS  DAYS RAIN AVG  HI  TIME    DIR BAROM HUM
---------------------------------------------------------------------------------------
1    55.9  73.7   7:19pm  34.5   6:46am   11    2  0.01   2  23   1:13pm   S 30.07   58
2    61.3  81.0   1:10pm  52.9   7:04am    4    1  0.12   1  19  12:19pm   S 29.87   67
3    66.8  77.2   5:21pm  59.1   2:34am    2    4  0.75   1  16  11:44am   S 29.64   88
4    68.2  81.9   3:48pm  58.7  11:50pm    1    4  1.03   1  15  12:37pm   S 29.70   86
5    55.7  68.1   3:42pm  41.5  11:56pm    9    0  0.36   1  23   3:11pm NNE 29.95   80
6    52.8  69.8   3:50pm  34.0   6:26am   13    0  0.01   0  13   9:14pm   S 30.07   73
7    55.2  68.2   2:09pm  42.2   7:04am   10    0  0.01   1  16   6:45pm   S 29.99   70
8    54.0  66.7   4:41pm  38.3   6:37am   11    0  0.00   0  13   4:07pm NNE 30.05   64
9    57.8  68.7   4:39pm  45.4  11:57pm    7    0  0.10   3  24   9:46am   S 29.79   78
10   52.0  64.9   4:16pm  37.1   6:38am   13    0  0.00   1  18  12:55pm NNE 30.06   70
11   53.9  67.3   4:43pm  38.7   5:07am   11    0  0.00   1  13   1:37pm NNE 30.18   69
12   54.9  66.0   4:23pm  44.2   7:15am   10    0  0.00   2  19  11:51am NNE 30.30   53
13   54.7  71.0   4:00pm  35.0   6:41am   11    1  0.00   1  15   1:04pm NNE 30.30   57
14   56.2  80.3   2:51pm  35.7   6:32am   11    2  0.02   1  18   3:30pm NNE 30.27   61
15   59.2  75.8   4:54pm  38.0   6:44am    9    3  0.00   1  16   1:51pm   S 30.22   61
16
17   67.3  74.2   4:43pm  57.5   3:33am    1    2  0.00   3  16  10:45am  NE 30.15   78
18   69.0  82.2   4:39pm  61.1   4:52am    1    5  0.05   2  23   4:32pm  NE 30.19   77
19   70.8  84.4   5:51pm  57.4   6:18am    2    8  0.00   1  21  11:51am   S 30.22   74
20   73.7  86.9   4:31pm  59.7   6:46am    1   10  0.00   2  18   9:53am   S 30.25   69
21   72.7  87.2   5:07pm  56.9   6:21am    2    9  0.00   1  21  12:52pm   S 30.35   70
22   73.4  88.5   6:10pm  56.9   6:44am    1   10  0.00   1  15   3:26pm  SW 30.31   70
23   74.1  88.3   5:47pm  57.7   6:37am    1   11  0.00   2  16   5:13pm   W 30.17   70
24   76.1  90.4   3:48pm  60.9   6:20am    1   12  0.00   2  16  12:41pm  SW 30.11   68
25   75.9  89.5   5:56pm  59.7   6:15am    1   12  0.00   2  23   3:01pm   S 30.07   70
26   71.0  81.7  12:00pm  64.1  11:31pm    0    6  0.65   3  32  12:59pm  SW 30.04   84
27   73.5  87.0   5:45pm  65.4   6:38am    0    9  0.01   1  15  11:59am   S 30.00   77
28   67.5  79.0   5:57pm  52.3  11:58pm    2    4  0.38   4  50   7:31pm  SW 29.76   86
29   50.5  52.8   7:00pm  47.7   6:07am   15    0  0.00   5  23   3:00am   N 29.99   87
30   54.9  64.6   4:57pm  41.8   6:30am   10    0  0.00   3  19  11:24am NNE 30.20   75
31   60.3  78.0   6:14pm  43.1   6:18am    7    3  0.00   2  21   1:11pm  NE 30.25   74
---------------------------------------------------------------------------------------
TOT  62.9  90.4  5/24/21  34.0   5/6/21  177  117  3.52   2  44  5/28/21 NNE 30.09   72

HEAT BASE: 65.0
COOL BASE: 65.0