NOAA ALL HAZARDS WEATHER RADIO Live Streams

NOAA-Style Climate Reports


Report for 2021 June
                  MONTHLY CLIMATOLOGICAL SUMMARY FOR 6/2021
                                        HEAT  COOL        
     MEAN                               DEG   DEG       WIND SPEED       DOM MEAN  MEAN
DAY  TEMP  HIGH   TIME     LOW   TIME   DAYS  DAYS RAIN AVG  HI  TIME    DIR BAROM HUM
---------------------------------------------------------------------------------------
1    65.4  76.3   1:22pm  53.7   6:15am    3    4  0.00   1  15   3:50pm   S 30.15   78
2    64.7  68.8   1:41pm  61.7   2:51am    1    1  0.38   2  24   1:49pm   S 29.98   91
3    67.7  77.5   6:26pm  62.3   2:44pm    0    3  0.73   3  34   2:19pm   S 29.88   88
4    72.5  87.2   5:29pm  60.6   6:43am    1    9  0.01   1  11   9:59am   S 29.98   74
5    73.9  89.4   5:45pm  57.5   6:30am    2   10  0.00   2  19   4:17pm  SW 29.98   71
6    72.5  85.5   4:24pm  63.6   4:58am    0    8  0.04   1  24   4:38pm   S 29.99   85
7    75.0  83.4   4:06pm  69.8   3:25am    0   10  0.35   2  29  11:24am   S 29.97   87
8    72.9  84.6  12:52pm  67.8   6:06am    0    8  0.53   1  18   1:42pm   S 30.02   91
9    73.4  79.8   4:29pm  69.0   6:25am    0    8  0.12   1  13  12:44pm   S 29.98   90
10
11   75.0  88.3   3:57pm  69.1   3:10am    0    9  0.52   1  29   6:23pm  SW 29.77   88
12   77.0  91.5   4:18pm  65.2   6:27am    0   12  0.00   1  34   4:43pm NNE 29.78   81
13   76.5  90.3   1:16pm  68.9   6:14am    0   12  0.36   2  29   3:53pm  SW 29.82   83
14   77.5  90.9   5:14pm  61.5   6:32am    0   13  0.00   3  24   5:23pm  SW 29.84   67
15   71.2  82.0   6:32pm  59.0   6:43am    1    7  0.00   3  26  12:35pm   N 29.94   63
16   69.6  82.8   5:37pm  56.6   6:04am    2    7  0.00   2  15   9:50am  NE 30.00   68
17   72.6  87.8   6:11pm  54.9   6:29am    2   10  0.00   2  16  10:10am   S 29.98   68
18   78.0  89.6   4:06pm  64.2   4:43am    0   13  0.00   6  34   6:57pm   S 29.90   71
19   74.7  85.3   6:32pm  65.1   3:12am    0   10  0.58   5  36  10:52am   S 29.87   80
20   79.5  89.1   4:12pm  68.1   6:43am    0   14  0.00   4  21   7:00pm   S 29.75   75
21   74.6  84.8  12:33pm  64.0  11:52pm    0   10  1.18   6  36   9:54am  SW 29.69   85
22   64.8  72.2   4:56pm  54.7  11:45pm    2    2  0.01   4  29   1:49pm   N 29.93   69
23   65.2  80.0   4:58pm  48.0   6:22am    5    5  0.00   2  21   1:15pm  NE 30.11   67
24   73.0  86.2   6:06pm  56.0   6:06am    2   10  0.00   3  29  11:05am   S 30.09   71
25   77.4  85.7   5:48pm  71.6   5:56am    0   12  0.00   4  31  11:57am   S 30.03   75
26   77.9  87.4   5:57pm  68.9   5:05am    0   13  0.00   5  31   2:13pm   S 30.01   74
27   80.4  91.3   4:51pm  70.1   6:03am    0   15  0.00   4  26  12:17pm   S 30.03   72
28   82.1  94.2   6:55pm  70.2   3:55am    0   17  0.00   2  18  10:11am   S 30.11   75
29   82.4  94.4   4:34pm  71.2   5:57am    0   17  0.00   1  13   4:29pm  NE 30.11   79
30   79.9  90.0   5:36pm  72.1   6:37am    0   15  0.00   3  21   9:51am  SW 30.05   80
---------------------------------------------------------------------------------------
TOT  74.1  94.4  6/29/21  48.0  6/23/21   22  283  5.14   3  34  6/12/21   S 29.96   78

HEAT BASE: 65.0
COOL BASE: 65.0