иии NEW иии from Personal Weather Station Operators
NOAA WEATHER RADIO. ORG

NOAA-Style Climate Reports

Select a Year or Month report
2017: Jan Feb Mar Apr May Jun Jul Aug Sep Oct Nov Dec
2016: Jan Feb Mar Apr May Jun Jul Aug Sep Oct Nov Dec
2015: Jan Feb Mar Apr May Jun Jul Aug Sep Oct Nov Dec
2014: Jan Feb Mar Apr May Jun Jul Aug Sep Oct Nov Dec
2013: Jan Feb Mar Apr May Jun Jul Aug Sep Oct Nov Dec
2012: Jan Feb Mar Apr May Jun Jul Aug Sep Oct Nov Dec
2011: Jan Feb Mar Apr May Jun Jul Aug Sep Oct Nov Dec
2010: Jan Feb Mar Apr May Jun Jul Aug Sep Oct Nov Dec

Report for 2010 September
                  MONTHLY CLIMATOLOGICAL SUMMARY FOR 9/2010
                                        HEAT  COOL        
     MEAN                               DEG   DEG       WIND SPEED       DOM MEAN  MEAN
DAY  TEMP  HIGH   TIME     LOW   TIME   DAYS  DAYS RAIN AVG  HI  TIME    DIR BAROM HUM
---------------------------------------------------------------------------------------
1    79.4  94.2   5:44pm  63.7   7:13am    0   14  0.00   2  16   3:21pm  SW 30.06   61
2    79.8  96.8   4:55pm  61.7   7:16am    0   15  0.00   2  15   4:36pm  SW 29.98   57
3    75.7  84.9   4:22pm  65.1  11:58pm    0   11  0.00   3  19  12:52pm WSW 29.88   55
4    65.5  77.5   5:37pm  54.3  11:58pm    2    3  0.00   2  15  10:25am WSW 29.99   53
5    63.2  81.9   6:33pm  43.5   7:25am    7    5  0.00   1   8  12:56pm WNW 30.07   58
6    70.2  90.4   4:59pm  48.6   7:01am    5   10  0.00   2  16   4:06pm  SW 30.10   53
7    77.1  94.6   2:44pm  63.6   4:42am    0   11  0.00   3  19   1:15pm  SW 30.07   57
8    74.0  84.5   4:56pm  58.2  11:58pm    0    9  0.00   2  12   3:57pm WNW 30.08   47
9    64.7  81.6   5:40pm  49.0   6:45am    5    4  0.00   1  10   1:25pm  NE 30.06   61
10   66.9  76.8   1:54pm  56.1   3:07am    2    4  0.00   1  11   8:00am ENE 29.98   58
11   72.8  86.6   2:48pm  65.0   9:31am    0    8  0.23   2  18   4:11pm ENE 29.88   74
12   70.7  83.3   4:35pm  57.3  11:59pm    1    7  0.00   2  19   2:27pm WNW 30.08   60
13   72.8  90.3   2:38pm  60.2   7:24am    0    5  0.00   1   8  12:31am WSW 30.09   56
14   75.1  91.5   3:54pm  60.2   7:24am    0   10  0.00   1   8  12:31am WSW 30.08   53
15   74.8  94.1   4:37pm  54.8   7:40am    3   12  0.00   1  14   2:58pm  SW 30.07   58
16   68.2  81.1   5:09pm  53.1   7:35am    2    5  0.00   2  12  12:35pm  NE 30.09   63
17   67.2  81.1   5:09pm  53.1   7:35am    3    5  0.00   2  12  12:35pm  NE 30.09   65
18   69.1  92.2   5:58pm  50.2   7:39am    5    8  0.00   2  10  11:29am ENE 30.16   61
19   71.4  90.7   3:30pm  54.0   6:51am    3    9  0.00   2  11   2:34pm  SW 30.14   60
20   73.1  90.1   4:45pm  56.8   7:20am    2   10  0.00   2  12   2:57pm  NW 30.09   65
21   78.4  95.5   4:59pm  61.2   7:16am    1   14  0.00   3  15   5:46pm   E 30.03   58
22   81.9  95.3   4:23pm  70.5  11:58pm    0   17  0.00   4  21   1:21pm  SW 30.05   52
23   79.3  95.2   3:51pm  62.4   6:27am    0   14  0.00   3  19  12:50pm SSW 30.12   60
24   79.3  92.5   3:20pm  71.7  11:52pm    0   14  0.18   5  25  12:18pm  SW 30.04   63
25   68.6  81.2   4:56pm  54.6   7:44am    1    5  0.00   2  14   3:13pm WSW 30.04   60
26   62.1  74.7   3:43pm  50.3   8:16am    5    2  0.00   4  16   1:40pm NNE 30.00   57
27   57.2  61.1   6:03pm  53.0   7:32am    8    0  0.00   3  12   6:10pm NNE 29.88   76
28   58.9  72.0   5:36pm  48.7   5:14am    7    1  0.00   2  16   4:14pm ESE 29.81   70
29   59.9  78.7   5:07pm  42.2   7:47am    8    3  0.00   2  13  12:49pm ENE 29.88   67
30   65.1  83.9   4:39pm  46.6   7:29am    6    6  0.00   3  18   5:35pm ENE 29.81   60
---------------------------------------------------------------------------------------
TOT  70.9  96.8   9/2/10  42.2  9/29/10   76  241  0.50   2  25  9/24/10  SW 30.02   60

HEAT BASE: 65.0
COOL BASE: 65.0