иии NEW иии from Personal Weather Station Operators
NOAA WEATHER RADIO. ORG

NOAA-Style Climate Reports

Select a Year or Month report
2017: Jan Feb Mar Apr May Jun Jul Aug Sep Oct Nov Dec
2016: Jan Feb Mar Apr May Jun Jul Aug Sep Oct Nov Dec
2015: Jan Feb Mar Apr May Jun Jul Aug Sep Oct Nov Dec
2014: Jan Feb Mar Apr May Jun Jul Aug Sep Oct Nov Dec
2013: Jan Feb Mar Apr May Jun Jul Aug Sep Oct Nov Dec
2012: Jan Feb Mar Apr May Jun Jul Aug Sep Oct Nov Dec
2011: Jan Feb Mar Apr May Jun Jul Aug Sep Oct Nov Dec
2010: Jan Feb Mar Apr May Jun Jul Aug Sep Oct Nov Dec

Report for 2012 April
                  MONTHLY CLIMATOLOGICAL SUMMARY FOR 4/2012
                                        HEAT  COOL        
     MEAN                               DEG   DEG       WIND SPEED       DOM MEAN  MEAN
DAY  TEMP  HIGH   TIME     LOW   TIME   DAYS  DAYS RAIN AVG  HI  TIME    DIR BAROM HUM
---------------------------------------------------------------------------------------
1    60.3  63.0  12:50am  56.3   7:45am    1    0  0.00   1  21   7:25am  NE 29.72   90
2    61.4  70.2   5:57pm  54.5   8:53am    4    1  0.00   3  21   7:25am ENE 29.83   72
3    69.1  85.5   5:06pm  53.0   6:56am    3    7  0.00   3  17   4:05pm ENE 29.87   58
4    66.3  78.4   2:03pm  55.4  11:58pm    2    3  0.46   4  24  12:46am  SW 29.77   79
5    53.0  61.1   5:18pm  43.8   9:12am   12    0  0.00   8  27   9:05am  NE 29.83   59
6    47.9  61.8   5:48pm  36.1   7:13am   16    0  0.00   6  28  12:34am  NE 30.11   58
7    51.3  69.4   5:32pm  32.3   6:14am   14    0  0.00   2  15   9:51am ENE 30.25   51
8    56.0  66.3   4:31pm  45.2  11:34pm    9    0  0.00   3  22  10:11am  NW 30.17   58
9    53.3  68.2   2:24pm  35.5   6:32am   12    1  0.00   5  36   2:02pm WSW 30.04   54
10   50.8  58.7   3:17pm  40.6  11:59pm   14    0  0.00   6  32   6:27pm  SW 30.01   42
11   41.1  51.9   5:37pm  28.6   5:47am   24    0  0.00   3  28  12:41pm  NW 30.19   60
12   44.9  61.8   6:28pm  27.2   7:09am   20    0  0.00   1  18   4:11pm  NE 30.26   65
13   51.4  67.3   3:36pm  31.9   6:22am   14    0  0.00   2  21  12:20pm ENE 30.21   62
14   63.4  76.3   5:58pm  48.3   3:59am    5    3  0.02   4  22   3:00pm  SW 30.08   60
15   70.6  81.4   5:08pm  58.0   7:38am    1    6  0.00   7  39  12:12pm SSW 29.98   59
16   68.4  74.0   3:32pm  56.3  11:58pm    1    4  0.04   8  38   1:06pm  SW 29.99   64
17   55.4  63.6   4:53pm  46.5   6:51am   10    0  0.00   2  13   9:40am  NE 30.28   69
18   58.7  73.3   4:05pm  45.3   8:03am    8    2  0.00   2  21  11:27am  NE 30.14   63
19   59.3  75.8   4:47pm  41.0   6:16am    9    3  0.00   1  15   3:48pm ENE 30.02   67
20   62.8  76.0   5:01pm  47.8   4:44am    5    3  0.00   5  25  11:27am  SW 29.82   71
21   48.1  56.6  12:00am  45.0   8:16am   17    0  0.59   4  17   1:17pm   N 29.89   88
22   46.1  52.0   3:55pm  39.0   7:09am   19    0  0.00   6  28   4:21pm   N 29.89   69
23   48.6  59.8   4:52pm  38.2   7:42am   16    0  0.00   7  41   5:10pm WNW 29.84   46
24   50.7  50.8  12:17am  50.5  12:44am    0    0  0.10   2  10  12:34am  SW 29.82   89
25   60.8  75.7   4:19pm  48.8   6:44am    6    2  0.27   2  18   9:25pm   E 29.76   80
26   68.4  79.0   4:08pm  53.8  11:58pm    1    4  0.00   6  29   2:36pm  SW 29.73   71
27   52.2  63.5   4:18pm  39.4   7:07am   13    0  0.00   4  22  10:56pm  NE 30.12   51
28   59.5  76.9   5:14pm  47.7   7:56am    8    3  0.02   4  24   9:58am  NE 30.03   66
29   61.7  76.1   4:00pm  46.5   7:05am    6    3  0.48   4  21   1:15am ENE 30.11   82
30   69.6  82.3   2:49pm  55.8   6:56am    2    7  0.31   5  28   2:19pm  SW 30.01   75
---------------------------------------------------------------------------------------
TOT  56.9  85.5   4/3/12  27.2  4/12/12  272   52  2.59   4  41  4/23/12  NE 30.00   65

HEAT BASE: 65.0
COOL BASE: 65.0