иии NEW иии from Personal Weather Station Operators
NOAA WEATHER RADIO. ORG

NOAA-Style Climate Reports

Select a Year or Month report
2017: Jan Feb Mar Apr May Jun Jul Aug Sep Oct Nov Dec
2016: Jan Feb Mar Apr May Jun Jul Aug Sep Oct Nov Dec
2015: Jan Feb Mar Apr May Jun Jul Aug Sep Oct Nov Dec
2014: Jan Feb Mar Apr May Jun Jul Aug Sep Oct Nov Dec
2013: Jan Feb Mar Apr May Jun Jul Aug Sep Oct Nov Dec
2012: Jan Feb Mar Apr May Jun Jul Aug Sep Oct Nov Dec
2011: Jan Feb Mar Apr May Jun Jul Aug Sep Oct Nov Dec
2010: Jan Feb Mar Apr May Jun Jul Aug Sep Oct Nov Dec

Report for 2012 December
                  MONTHLY CLIMATOLOGICAL SUMMARY FOR 12/2012
                                        HEAT  COOL        
     MEAN                               DEG   DEG       WIND SPEED       DOM MEAN  MEAN
DAY  TEMP  HIGH   TIME     LOW   TIME   DAYS  DAYS RAIN AVG  HI  TIME    DIR BAROM HUM
---------------------------------------------------------------------------------------
1    52.7  65.7   3:16pm  41.3  12:36am   12    0  0.00   3  19  11:41am ESE 30.21   69
2    59.3  64.5  11:16am  53.3  12:00am    6    0  0.29   8  46   9:56am  SW 30.10   75
3    63.6  72.6   3:07pm  56.9  11:09pm    3    1  0.00   7  28  12:41pm  SW 30.12   70
4    57.1  62.3   1:13pm  44.7  11:55pm    8    0  0.94   7  38   8:05pm  SW 30.11   83
5    43.3  54.6   3:37pm  34.4   8:00am   22    0  0.01   3  16   1:14pm  SE 30.29   80
6    42.1  52.9   3:32pm  29.4   7:34am   23    0  0.00   3  14   1:07am ENE 30.13   81
7    52.9  56.3   7:24pm  50.0   5:23am   12    0  0.99   2  19  11:22pm  SW 29.94   91
8    55.2  57.8   7:24am  50.0  11:14pm   10    0  0.43   5  24   6:53am  SW 29.91   88
9    56.2  62.0   2:11pm  49.7   2:01am    9    0  0.49   5  26  11:34pm ENE 29.88   89
10   43.5  57.9  12:00am  32.1  11:22pm   21    0  0.54   8  33   3:31pm WNW 29.77   88
11   31.3  36.1   4:24pm  23.7  11:58pm   34    0  0.00   4  16  12:04am   W 30.15   77
12   29.6  44.3   3:53pm  19.0   7:18am   35    0  0.00   2  18  11:26am ESE 30.39   79
13   32.2  51.1   3:37pm  19.5   5:02am   33    0  0.01   2  12   1:58pm  SE 30.38   78
14   37.5  57.9   3:47pm  22.4   6:49am   27    0  0.00   3  19   1:35pm  SE 30.24   67
15   48.1  56.3  11:51pm  36.6   1:53am   17    0  0.04   4  21   2:57pm ESE 29.95   69
16   58.5  62.2   1:30pm  54.9   3:32am    7    0  0.00   8  38  12:52pm  SW 29.70   79
17   53.5  61.3   2:49pm  46.5  11:58pm   11    0  0.31   6  51   3:48pm  SW 29.60   86
18   42.3  46.5  12:00am  38.5   8:01am   22    0  0.03   9  35   2:37am   W 29.77   79
19   44.2  50.4   3:13pm  38.5   8:57am   21    0  0.00   5  19  12:15am ENE 29.99   75
20   45.8  53.9   6:50am  31.1  11:05pm   19    0  1.19  15  70   5:17pm WSW 29.59   77
21   29.0  32.4  12:00am  27.5  11:48pm   35    0  0.00  16  56  12:25am   W 29.90   75
22   28.4  38.3   4:04pm  21.3   8:11am   36    0  0.00   6  22  12:00am WSW 30.22   70
23   39.3  53.5   3:31pm  26.1   1:27am   25    0  0.00   5  24  11:52am  SW 29.99   63
24   43.9  49.2   1:47pm  36.0  11:54pm   21    0  0.10   4  22   1:48pm   E 29.84   88
25   34.8  37.0   3:51pm  32.3   4:11am   30    0  0.01   7  30   9:13pm ENE 30.08   80
26   34.7  39.2  11:58am  31.0  11:53pm   31    0  0.71  12  39   3:56am ENE 29.66   90
27   31.1  33.0   2:53pm  29.3   8:15am   34    0  0.00   5  26  12:10am  NW 30.12   81
28   33.4  37.4   3:24pm  30.4   7:05am   32    0  0.03   4  15   9:24pm   E 30.04   84
29   31.1  32.9  12:27am  25.9  11:24pm   34    0  0.01   6  33   5:53pm   W 29.94   91
30   26.1  32.5   2:50pm  21.0  11:41pm   39    0  0.00   5  24  12:19am   W 30.42   82
31   31.5  36.8   3:38pm  21.6  12:58am   34    0  0.00   5  24   1:52pm WSW 30.24   84
---------------------------------------------------------------------------------------
TOT  42.3  72.6  12/3/12  19.0 12/12/12  703    1  6.13   6  68 12/20/12  SW 30.02   80

HEAT BASE: 65.0
COOL BASE: 65.0