иии NEW иии from Personal Weather Station Operators
NOAA WEATHER RADIO. ORG

NOAA-Style Climate Reports

Select a Year or Month report
2017: Jan Feb Mar Apr May Jun Jul Aug Sep Oct Nov Dec
2016: Jan Feb Mar Apr May Jun Jul Aug Sep Oct Nov Dec
2015: Jan Feb Mar Apr May Jun Jul Aug Sep Oct Nov Dec
2014: Jan Feb Mar Apr May Jun Jul Aug Sep Oct Nov Dec
2013: Jan Feb Mar Apr May Jun Jul Aug Sep Oct Nov Dec
2012: Jan Feb Mar Apr May Jun Jul Aug Sep Oct Nov Dec
2011: Jan Feb Mar Apr May Jun Jul Aug Sep Oct Nov Dec
2010: Jan Feb Mar Apr May Jun Jul Aug Sep Oct Nov Dec

Report for 2013 February
                  MONTHLY CLIMATOLOGICAL SUMMARY FOR 2/2013
                                        HEAT  COOL        
     MEAN                               DEG   DEG       WIND SPEED       DOM MEAN  MEAN
DAY  TEMP  HIGH   TIME     LOW   TIME   DAYS  DAYS RAIN AVG  HI  TIME    DIR BAROM HUM
---------------------------------------------------------------------------------------
1    14.7  21.3  12:00am   7.8   7:53am   51    0  0.00   8  42  12:12am   W 30.39   68
2    26.8  35.4   1:44pm  15.0  12:00am   39    0  0.01   6  26   2:38pm WSW 30.19   82
3    28.0  30.6   1:34am  21.4  11:58pm   37    0  0.00   7  32   4:05pm   W 30.07   78
4    30.9  43.2   4:02pm  14.9   5:17am   34    0  0.13   4  24   1:50pm  SE 30.01   83
5    42.6  50.6   4:51pm  35.9   9:39am   23    0  0.00   6  27   5:16pm   W 29.93   80
6    35.9  45.4   4:36pm  25.6   7:51am   29    0  0.00   3  12   2:23pm WSW 30.20   81
7    48.0  65.6   4:20pm  34.9  12:11am   17    0  0.00   5  18   1:51pm   E 30.03   64
8    39.6  49.9   2:00am  34.2  11:35pm   26    0  0.07   9  36   5:11am  NW 30.08   82
9    35.0  44.8   3:32pm  26.1   7:37am   30    0  0.00   5  20  12:26pm   E 30.35   67
10   45.4  58.8   3:07pm  34.2  12:56am   20    0  0.09   6  33   1:36pm   E 30.04   67
11   50.0  55.5   3:51am  39.9  11:48pm   15    0  0.00  14  44  11:32am WSW 29.94   63
12   39.8  50.2   2:26pm  27.8   7:49am   26    0  0.00   4  16   1:26pm WSW 30.07   64
13   35.9  40.7   5:32pm  31.4  11:26pm   29    0  0.06   4  20  11:21am WSW 29.86   83
14   42.5  56.3   4:15pm  31.9  12:00am   23    0  0.00   9  34   1:08pm WSW 29.95   74
15   37.3  43.3  12:00am  27.4  11:55pm   28    0  0.01   5  33   3:14pm WNW 30.09   77
16   26.7  33.2   1:29pm  19.5   7:08am   39    0  0.00   6  33   4:52pm  NW 30.13   70
17   26.7  36.8   4:34pm  19.1   5:09am   39    0  0.00   4  24   2:30pm  NW 30.23   58
18   43.8  61.4   4:03pm  24.2   1:48am   22    0  0.09   9  48  10:48pm  SW 30.03   53
19   37.0  47.3  12:00am  25.3  11:58pm   28    0  0.16  14  45   1:04pm   W 29.92   69
20   26.4  33.5   3:31pm  20.1   7:44am   39    0  0.00   7  27   3:27am   W 30.25   61
21   27.7  37.1   2:48pm  18.0   6:04am   38    0  0.00   8  32  10:09pm ENE 30.23   72
22   42.4  56.2   3:58pm  31.6  12:00am   23    0  0.26   6  33  12:42pm  NW 29.94   85
23   39.7  47.9   4:20pm  33.7  11:54pm   26    0  0.00   5  21  12:51pm  NW 29.94   67
24   35.2  48.2   4:44pm  23.7   7:39am   30    0  0.00   4  18   2:15pm  NW 30.07   69
25   38.1  49.2   4:50pm  27.5   7:25am   27    0  0.00   9  28  10:01am   E 30.03   61
26   45.3  54.5   2:39pm  40.0  11:56pm   20    0  0.48  10  51   4:40pm   E 29.52   80
27   37.8  40.4  12:29am  33.3  10:42pm   28    0  0.05  14  38   7:35am WSW 29.70   91
28   34.8  36.8   4:02pm  33.3   7:05am   31    0  0.02  10  30   7:44am   W 29.87   98
---------------------------------------------------------------------------------------
TOT  36.2  65.6   2/7/13   7.8   2/1/13  816    0  1.43   7  48  2/18/13 WSW 30.04   73

HEAT BASE: 65.0
COOL BASE: 65.0