] Frankfort Weather — Twin Hollies Weather Center - NOAA-Style Climate Reports
advFrankfort Weaher US is currently performing maintainence and upgrading some hardware and weather scripts.
Some Weather Cams will be off line, for exampkle, and there may be sporadic feature and data interruptions.
NOAA ALL HAZARDS WEATHER RADIO Live Streams

NOAA-Style Climate Reports

Select a Year or Month report
2019: Jan Feb Mar Apr May Jun Jul Aug Sep Oct Nov Dec
2018: Jan Feb Mar Apr May Jun Jul Aug Sep Oct Nov Dec
2017: Jan Feb Mar Apr May Jun Jul Aug Sep Oct Nov Dec
2016: Jan Feb Mar Apr May Jun Jul Aug Sep Oct Nov Dec
2015: Jan Feb Mar Apr May Jun Jul Aug Sep Oct Nov Dec
2014: Jan Feb Mar Apr May Jun Jul Aug Sep Oct Nov Dec
2013: Jan Feb Mar Apr May Jun Jul Aug Sep Oct Nov Dec
2012: Jan Feb Mar Apr May Jun Jul Aug Sep Oct Nov Dec
2011: Jan Feb Mar Apr May Jun Jul Aug Sep Oct Nov Dec
2010: Jan Feb Mar Apr May Jun Jul Aug Sep Oct Nov Dec

Report for 2013 March
                  MONTHLY CLIMATOLOGICAL SUMMARY FOR 3/2013
                                        HEAT  COOL        
     MEAN                               DEG   DEG       WIND SPEED       DOM MEAN  MEAN
DAY  TEMP  HIGH   TIME     LOW   TIME   DAYS  DAYS RAIN AVG  HI  TIME    DIR BAROM HUM
---------------------------------------------------------------------------------------
1    35.3  38.6   3:05pm  32.8  11:54pm   30    0  0.07   5  16   3:15pm  NW 29.99   98
2    30.0  32.8  12:00am  28.7  11:55pm   35    0  0.00   7  21  10:50am  NW 30.06   90
3    29.6  36.7   4:53pm  21.2  11:10pm   36    0  0.00   5  22  11:11am  NW 30.10   82
4    33.4  45.7   3:04pm  17.2   6:08am   32    0  0.00   4  20  11:44am ESE 30.10   76
5    39.9  45.8   3:05pm  30.4  11:52pm   25    0  0.55   8  42   8:27pm   E 29.77   91
6    31.5  33.1   1:56pm  29.8   1:52am   34    0  0.00  10  34   9:46am  NW 30.06   95
7    33.8  37.0   3:52pm  31.3   7:03am   32    0  0.01   3  12   3:39am   W 30.35   92
8    37.7  48.7   4:58pm  28.1   6:41am   27    0  0.00   4  24  10:54am ENE 30.41   81
9    47.1  64.0   3:47pm  30.5   3:55am   18    0  0.00   4  18  10:46am  SE 30.21   68
10   60.0  70.9   3:17pm  51.5   8:24am    6    1  0.01   5  26   6:23pm SSW 29.95   51
11   50.1  60.1  12:10am  39.6  11:59pm   15    0  0.87   7  32   2:03pm   W 29.75   91
12   40.8  48.8   6:03pm  35.6   8:37am   25    0  0.00   9  32   2:33am   W 29.99   75
13   32.6  39.9  12:01am  28.5  11:48pm   33    0  0.00  10  40   6:53am   W 30.20   79
14   34.6  47.2   5:26pm  22.3   8:09am   31    0  0.00   6  26   8:56pm WSW 30.33   70
15   45.3  60.5   5:29pm  30.5   4:58am   20    0  0.00   4  18  10:44am SSW 29.99   78
16   60.5  71.6   3:36pm  45.5  11:50pm    6    1  0.01  12  39  11:51am WSW 29.73   71
17   36.7  45.5  12:00am  33.7   1:52pm   29    0  0.90   8  24  11:53am ENE 30.01   98
18   45.6  55.3   3:05pm  35.4  12:00am   20    0  1.08  10  33   5:46am   W 29.75   97
19   40.7  48.8   4:51pm  33.9   8:05am   25    0  0.00  11  42   2:34pm   W 30.03   65
20   34.7  45.1   1:42pm  25.1  11:59pm   31    0  0.00  10  42   2:02pm WSW 30.05   60
21   26.2  35.5   6:13pm  20.6   6:23am   39    0  0.00   6  27  11:24am WSW 30.03   69
22   32.2  47.1   4:57pm  15.5   7:21am   33    0  0.00   3  15  12:11pm  SW 30.06   70
23   44.0  55.1   5:28pm  36.8   6:37am   21    0  0.00   4  21  11:39pm WSW 29.98   60
24   39.1  44.4  12:00am  35.2  11:04am   26    0  0.86   8  32   2:21pm ENE 29.58   86
25   33.8  39.2  12:00am  31.1   7:38am   32    0  0.01  14  39   5:16am   W 29.69   95
26   35.5  41.1   4:21pm  32.5   7:16am   30    0  0.02   7  24   5:48pm WNW 30.13   90
27   37.4  44.3   4:58pm  28.9   7:48am   28    0  0.00   5  26   5:55pm   W 30.30   72
28   38.6  51.8   3:58pm  25.3   5:42am   27    0  0.00   3  18  12:18pm WSW 30.33   73
29   42.8  58.7   2:47pm  28.5   3:47am   23    0  0.00   4  21   2:53pm WSW 30.27   79
30   46.5  61.9   5:28pm  31.2   5:56am   19    0  0.00   3  21   3:40pm SSE 30.12   81
31   51.5  61.4   5:45pm  47.0   5:08am   14    0  0.10   6  26   5:50pm   W 29.83   88
---------------------------------------------------------------------------------------
TOT  39.6  71.6  3/16/13  15.5  3/22/13  799    2  4.49   7  42   3/5/13   W 30.04   80

HEAT BASE: 65.0
COOL BASE: 65.0