иии NEW иии from Personal Weather Station Operators
NOAA WEATHER RADIO. ORG

NOAA-Style Climate Reports

Select a Year or Month report
2017: Jan Feb Mar Apr May Jun Jul Aug Sep Oct Nov Dec
2016: Jan Feb Mar Apr May Jun Jul Aug Sep Oct Nov Dec
2015: Jan Feb Mar Apr May Jun Jul Aug Sep Oct Nov Dec
2014: Jan Feb Mar Apr May Jun Jul Aug Sep Oct Nov Dec
2013: Jan Feb Mar Apr May Jun Jul Aug Sep Oct Nov Dec
2012: Jan Feb Mar Apr May Jun Jul Aug Sep Oct Nov Dec
2011: Jan Feb Mar Apr May Jun Jul Aug Sep Oct Nov Dec
2010: Jan Feb Mar Apr May Jun Jul Aug Sep Oct Nov Dec

Report for 2013 May
                  MONTHLY CLIMATOLOGICAL SUMMARY FOR 5/2013
                                        HEAT  COOL        
     MEAN                               DEG   DEG       WIND SPEED       DOM MEAN  MEAN
DAY  TEMP  HIGH   TIME     LOW   TIME   DAYS  DAYS RAIN AVG  HI  TIME    DIR BAROM HUM
---------------------------------------------------------------------------------------
1    69.3  84.2   4:22pm  52.3   6:35am    4    7  0.00   3  16  11:24am ENE 30.10   71
2    67.6  78.6   4:47pm  56.4   5:24am    2    4  0.00   3  18  11:51am ESE 30.13   69
3    68.0  78.5   5:48pm  58.6   6:49am    1    4  0.00   5  27   4:52pm   E 30.00   67
4    61.0  70.2   3:21pm  54.1  10:30pm    5    0  0.31   6  22   7:56am   E 29.95   66
5    52.0  54.6   2:32am  48.7   3:17pm   13    0  1.76  10  30   7:39am ENE 29.91   94
6    57.8  68.3   5:21pm  53.9   7:36pm    8    0  0.10   9  32   3:22am ENE 29.87   88
7    62.7  73.4   4:47pm  55.1  12:12am    4    1  0.03   3  26   5:38pm  NE 29.93   82
8    63.1  76.1   4:30pm  54.6   3:34am    4    2  0.23   3  26   4:57pm WSW 29.97   86
9    68.8  81.0   2:14pm  54.5   6:27am    3    6  0.01   4  28   4:50pm WSW 30.00   73
10   64.6  69.4   9:23am  61.9   6:02am    1    0  1.06   6  32   2:50pm  SW 29.89   89
11   58.5  63.4   1:20am  54.2   9:26am    7    0  0.01   7  24   3:21pm   W 29.91   86
12   51.8  60.3   5:46pm  40.8   6:34am   14    0  0.00   6  30  12:31pm WSW 30.09   60
13   52.6  65.4   5:34pm  35.9   6:24am   13    0  0.00   5  30  11:54am WSW 30.17   58
14   63.1  82.5   5:26pm  42.1   2:52am    8    6  0.00   7  33   4:31pm  SW 30.03   68
15   76.3  86.8   3:23pm  65.4  12:05am    0   11  0.00  11  36   5:39pm WSW 29.91   57
16   66.5  74.6  11:19am  61.4   5:57am    1    2  1.16   5  24   9:13am WSW 29.94   79
17   68.9  78.2   4:19pm  60.3  12:48am    1    5  0.00   3  18   3:44pm SSW 30.03   85
18   70.7  81.7   5:56pm  64.8   5:21am    0    5  0.28   3  20   7:18pm ESE 30.01   86
19   73.7  86.3   5:14pm  62.2   5:37am    0    9  0.02   3  15   3:58pm  SE 29.96   84
20   76.2  86.7   5:43pm  65.7   6:28am    0   11  0.00   5  22   1:09pm  SW 29.97   79
21   73.9  85.8   3:19pm  65.4  11:50pm    0    8  0.07   6  30  12:13pm  SW 29.91   81
22   69.9  79.8   5:30pm  62.6   6:08am    0    5  0.07   6  26  12:13pm  SW 29.84   85
23   64.8  72.5  12:23pm  56.7  11:55pm    2    1  0.11   6  27   4:14pm   W 29.92   86
24   58.3  68.1   7:33pm  49.2   7:02am    7    0  0.00   6  30   1:31am NNE 30.26   69
25   57.5  68.8   3:54pm  42.3   6:39am    8    1  0.00   3  12   9:01am  SW 30.33   72
26   63.0  74.5   5:01pm  54.0   5:47am    4    2  0.01   3  15  11:27am   E 30.27   72
27   72.4  84.9   4:38pm  60.1   6:05am    1    8  0.00   6  28   5:07pm  SW 30.10   62
28   76.9  86.2   4:42pm  67.2   5:22am    0   11  0.00   8  36   1:58pm  SW 30.02   62
29   76.6  87.0   5:22pm  67.2   3:59am    0   11  0.00   5  22   1:17pm  SW 30.07   68
30   77.9  88.9   4:11pm  65.4   6:12am    0   13  0.00   5  30   1:39pm  SW 30.09   70
31   75.2  83.7   1:18pm  70.0   3:25am    0   10  0.09   5  32  11:08am  SW 30.03   79
---------------------------------------------------------------------------------------
TOT  66.4  88.9  5/30/13  35.9  5/13/13  112  144  5.32   5  34  5/15/13 WSW 30.02   75

HEAT BASE: 65.0
COOL BASE: 65.0