иии NEW иии from Personal Weather Station Operators
NOAA WEATHER RADIO. ORG

NOAA-Style Climate Reports

Select a Year or Month report
2017: Jan Feb Mar Apr May Jun Jul Aug Sep Oct Nov Dec
2016: Jan Feb Mar Apr May Jun Jul Aug Sep Oct Nov Dec
2015: Jan Feb Mar Apr May Jun Jul Aug Sep Oct Nov Dec
2014: Jan Feb Mar Apr May Jun Jul Aug Sep Oct Nov Dec
2013: Jan Feb Mar Apr May Jun Jul Aug Sep Oct Nov Dec
2012: Jan Feb Mar Apr May Jun Jul Aug Sep Oct Nov Dec
2011: Jan Feb Mar Apr May Jun Jul Aug Sep Oct Nov Dec
2010: Jan Feb Mar Apr May Jun Jul Aug Sep Oct Nov Dec

Report for 2013 August
                  MONTHLY CLIMATOLOGICAL SUMMARY FOR 8/2013
                                        HEAT  COOL        
     MEAN                               DEG   DEG       WIND SPEED       DOM MEAN  MEAN
DAY  TEMP  HIGH   TIME     LOW   TIME   DAYS  DAYS RAIN AVG  HI  TIME    DIR BAROM HUM
---------------------------------------------------------------------------------------
1    73.8  83.5   6:36pm  64.3  11:58pm    0    8  0.01   3  19   4:40pm   W 29.99   79
2    72.4  84.4   3:49pm  59.4   6:57am    1    8  0.00   2  18  12:12pm  SW 30.03   74
3    76.0  85.0   5:00pm  69.6   7:01am    0   11  0.00   3  21   6:41pm  SW 30.00   78
4    71.1  80.5   3:44pm  62.8  11:22pm    0    6  0.00   3  21   2:21pm   N 30.11   71
5    70.0  83.3   5:20pm  55.1   6:44am    3    7  0.00   1  14   1:31pm ENE 30.08   70
6    75.5  85.1   5:20pm  67.1   5:06am    0   10  0.00   2  16   2:20pm  SE 29.97   75
7    78.1  88.1   5:57pm  71.9   5:23am    0   13  0.02   3  19  11:04am  SW 29.94   84
8    77.8  85.5   5:11pm  72.8   3:13am    0   12  0.15   4  21   2:43pm  SW 29.95   87
9    76.5  84.5   3:15pm  73.7   4:47pm    0   11  0.42   4  22   8:58am  SW 29.98   89
10   76.7  83.1   5:03pm  72.5   6:16am    0   11  0.45   1   8  11:58am   N 30.08   86
11   78.7  88.5   5:09pm  72.4   7:04am    0   13  0.13   2  22   2:34pm SSE 30.08   82
12   73.4  83.1   3:41pm  66.0   6:33am    0    7  0.07   1  18   1:55pm  SW 30.03   89
13   73.1  80.7   4:39pm  64.3  11:59pm    0    8  0.03   3  24   2:46pm WSW 29.94   82
14   64.2  74.4   4:45pm  51.2   7:15am    4    2  0.00   4  21   1:20pm  NE 30.13   70
15   64.2  76.9   5:39pm  50.6   7:04am    4    3  0.00   3  19  12:41pm ENE 30.15   73
16   68.5  81.3   4:05pm  56.8   6:36am    3    6  0.00   3  16  10:47am  NE 30.13   73
17   68.0  81.6   2:58pm  60.5   7:38am    1    2  0.00   1  11  11:28am  NE 30.16   84
18   71.3  83.4   6:06pm  60.5   7:38am    1    6  0.00   1  11  11:28am ENE 30.15   80
19   74.7  86.8   4:33pm  65.4   6:51am    0    9  0.00   1  13   3:28pm  NE 30.12   81
20   74.1  86.8   3:08pm  64.9   5:28am    0    9  0.00   2  19   3:10pm ENE 30.14   83
21   74.0  88.9   4:01pm  66.9   7:06am    0    9  0.07   2  34   4:53pm  SW 30.14   86
22   76.9  89.3   4:04pm  67.6   1:52am    0   12  0.11   2  19   7:32pm WSW 30.10   82
23   76.1  87.3   4:10pm  68.9   4:33am    0   11  0.01   2  16   5:17pm  NE 30.08   81
24   74.9  88.1   5:21pm  63.0   7:05am    0   10  0.00   2  18   2:26pm ENE 30.22   73
25   74.1  88.9   5:10pm  58.9   6:54am    1   10  0.00   1  13   2:15pm  SW 30.29   72
26   76.5  89.4   3:54pm  63.7   6:24am    0   11  0.00   3  21   1:12pm  SW 30.22   78
27   80.0  90.6   5:03pm  70.7   7:22am    0   15  0.00   5  21   6:48pm  SW 30.07   79
28   82.2  92.8   5:24pm  73.0   7:03am    0   17  0.00   6  29   3:31pm WSW 29.98   73
29   79.9  89.7   5:05pm  72.0  11:56pm    0   14  0.00   2  14   3:19pm  NE 29.99   77
30   78.4  92.8   5:51pm  65.7   7:14am    0   13  0.00   2  16   1:47pm WSW 29.95   77
31   75.8  92.5   3:47pm  68.5   8:05pm    0   10  2.79   4  50   4:26pm  SW 29.87   88
---------------------------------------------------------------------------------------
TOT  74.5  92.8  8/28/13  50.6  8/15/13   18  295  4.13   3  48  8/31/13  SW 30.07   79

HEAT BASE: 65.0
COOL BASE: 65.0