иии NEW иии from Personal Weather Station Operators
NOAA WEATHER RADIO. ORG

NOAA-Style Climate Reports

Select a Year or Month report
2017: Jan Feb Mar Apr May Jun Jul Aug Sep Oct Nov Dec
2016: Jan Feb Mar Apr May Jun Jul Aug Sep Oct Nov Dec
2015: Jan Feb Mar Apr May Jun Jul Aug Sep Oct Nov Dec
2014: Jan Feb Mar Apr May Jun Jul Aug Sep Oct Nov Dec
2013: Jan Feb Mar Apr May Jun Jul Aug Sep Oct Nov Dec
2012: Jan Feb Mar Apr May Jun Jul Aug Sep Oct Nov Dec
2011: Jan Feb Mar Apr May Jun Jul Aug Sep Oct Nov Dec
2010: Jan Feb Mar Apr May Jun Jul Aug Sep Oct Nov Dec

Report for 2014 February
                  MONTHLY CLIMATOLOGICAL SUMMARY FOR 2/2014
                                        HEAT  COOL        
     MEAN                               DEG   DEG       WIND SPEED       DOM MEAN  MEAN
DAY  TEMP  HIGH   TIME     LOW   TIME   DAYS  DAYS RAIN AVG  HI  TIME    DIR BAROM HUM
---------------------------------------------------------------------------------------
1    50.4  62.7   2:34pm  37.4   2:50am   15    0  0.00   5  37   2:37pm SSW 29.96   48
2    37.3  53.0  12:00am  28.0  11:52pm   28    0  0.65   5  24   1:32am NNW 30.05   88
3    27.4  35.8   3:16pm  18.3  11:47pm   38    0  0.12   3  21   3:49am   N 30.25   83
4    25.7  31.8  11:15pm  18.3  12:07am   39    0  0.00   4  28   6:03pm  NE 30.19   87
5    28.4  32.8   6:28am  22.8  11:57pm   36    0  0.00   1  16   1:36pm WSW 30.04   88
6    21.6  25.7  11:49am  16.5  11:57pm   43    0  0.00   2  12   2:53pm   W 30.43   83
7    14.0  22.6   5:22pm   5.6   8:24am   51    0  0.00   1  15  12:55pm   W 30.46   77
8    22.4  28.3   3:02pm  14.1  12:38am   43    0  0.00   2  12   7:17am  NE 30.29   81
9    28.4  31.3   2:25pm  24.5  11:18pm   37    0  0.00   3  24   1:38pm WSW 30.16   85
10   18.3  24.9   4:07pm  11.1  11:51pm   46    0  0.00   3  16   1:54am NNW 30.34   75
11   13.7  29.2   3:18pm   2.5   7:33am   51    0  0.00   2  15   5:05pm  NE 30.45   73
12   19.5  36.8   4:18pm   4.7   7:57am   45    0  0.11   2  13  12:13pm  NE 30.14   71
13   29.4  41.5   2:49pm  15.8   7:29am   35    0  0.27   3  21  10:53pm  SW 29.79   60
14   34.4  43.7   1:21pm  25.6  11:51pm   31    0  0.43   5  25  11:20pm  SW638.84   74
15   23.5  29.4   3:03pm  18.1   7:13am   41    0  0.00   4  25  12:26am WNW702.08   77
16   29.8  35.4   2:06pm  24.5  11:57pm   35    0  0.01   4  24   2:34pm WSW 30.10   77
17   31.1  42.2   7:34pm  21.6   3:02am   34    0  0.37   8  42   7:54pm  NE 30.06   79
18   44.8  57.8   3:33pm  33.8   7:34am   20    0  0.00   5  25   1:48am SSW 30.01   58
19   49.6  55.8   4:11pm  41.5  10:55pm   15    0  0.06   5  34  10:15am  SW 29.90   66
20   57.5  70.2   4:34pm  41.2   1:53am    9    1  0.40   8  57  11:45pm   S 29.74   69
21   42.9  53.1  12:00am  34.0   9:49pm   22    0  0.09  11  45   1:24pm  SW 29.85   54
22   47.0  62.1   3:55pm  31.7   7:46am   18    0  0.00   4  27   3:19pm  SW 29.99   40
23   36.5  46.6  12:29pm  26.6  11:55pm   28    0  0.07   6  27  11:18am NNW 30.04   77
24   28.3  37.7   3:11pm  21.6   6:15am   37    0  0.00   4  25  12:53pm WSW 30.24   58
25   29.7  37.3   2:26pm  24.8   1:27am   35    0  0.00   4  21   4:24pm WNW 30.13   61
26   21.1  26.0   3:55pm  15.0   7:44am   44    0  0.00   7  32   5:48am WNW 30.05   57
27   22.7  31.6   2:34pm  15.5   4:14am   42    0  0.00   8  33   9:37am  SW 29.97   47
28   25.7  41.5   4:37pm  12.5   5:25am   39    0  0.00   4  20   2:26pm ENE 78.52   50
---------------------------------------------------------------------------------------
TOT  30.7  70.2  2/20/14   2.5  2/11/14  958    1  2.58   4  57  2/20/14  SW 77.60   69

HEAT BASE: 65.0
COOL BASE: 65.0