advFrankfort Weaher US is currently performing maintainence and upgrading some hardware and weather scripts.
Some Weather Cams will be off line, for exampkle, and there may be sporadic feature and data interruptions.
NOAA ALL HAZARDS WEATHER RADIO Live Streams

NOAA-Style Climate Reports

Select a Year or Month report
2019: Jan Feb Mar Apr May Jun Jul Aug Sep Oct Nov Dec
2018: Jan Feb Mar Apr May Jun Jul Aug Sep Oct Nov Dec
2017: Jan Feb Mar Apr May Jun Jul Aug Sep Oct Nov Dec
2016: Jan Feb Mar Apr May Jun Jul Aug Sep Oct Nov Dec
2015: Jan Feb Mar Apr May Jun Jul Aug Sep Oct Nov Dec
2014: Jan Feb Mar Apr May Jun Jul Aug Sep Oct Nov Dec
2013: Jan Feb Mar Apr May Jun Jul Aug Sep Oct Nov Dec
2012: Jan Feb Mar Apr May Jun Jul Aug Sep Oct Nov Dec
2011: Jan Feb Mar Apr May Jun Jul Aug Sep Oct Nov Dec
2010: Jan Feb Mar Apr May Jun Jul Aug Sep Oct Nov Dec

Report for 2014 September
                  MONTHLY CLIMATOLOGICAL SUMMARY FOR 9/2014
                                        HEAT  COOL        
     MEAN                               DEG   DEG       WIND SPEED       DOM MEAN  MEAN
DAY  TEMP  HIGH   TIME     LOW   TIME   DAYS  DAYS RAIN AVG  HI  TIME    DIR BAROM HUM
---------------------------------------------------------------------------------------
1    77.7  85.2   4:57pm  72.7  12:00am    0   13  0.00   6  33   1:39pm SSW 29.96   83
2    76.2  84.7   5:48pm  69.6  11:45pm    0   11  0.40   4  36   6:13pm  SW 29.93   82
3    73.8  86.4   5:28pm  65.9   5:52am    0    9  0.02   1  16   1:43pm  NE 30.01   83
4    77.7  90.7   4:30pm  65.1   7:00am    0   13  0.00   1  13   7:06pm  SW 30.05   77
5    79.8  91.2   4:00pm  69.0   7:20am    0   15  0.00   2  16  10:58am  SW 30.05   75
6    76.2  85.9   2:44pm  66.0  11:55pm    0   11  0.00   3  22   6:00pm   N 30.00   78
7    66.7  81.2   4:42pm  57.9  11:34pm    1    3  0.00   4  25  11:14am NNE 30.10   69
8    67.5  83.3   6:37pm  54.2   5:19am    3    6  0.00   1  12  12:31pm  NE 30.05   73
9    70.1  84.9   3:28pm  56.1   6:34am    2    7  0.00   1  18   3:38pm   S 30.02   78
10   75.1  83.5   4:12pm  64.3   1:41am    0   10  0.00   5  34   4:09pm   S 29.88   80
11   68.4  77.8  12:46am  59.7  11:58pm    0    4  3.02   3  28   1:31am SSW 29.95   91
12   61.1  67.6   2:37pm  56.1   3:35am    4    0  0.00   4  21  10:00am   N 30.13   83
13   60.0  67.3   4:53pm  49.0  11:54pm    5    0  0.00   2  21  11:39am NNW 30.21   76
14   57.4  73.8   4:57pm  43.5   7:06am    9    2  0.00   1  15  12:17pm  NE 30.24   75
15   60.1  76.0   3:23pm  45.7   7:01am    7    3  0.26   1  18   8:29pm  SW 30.15   79
16   60.8  68.7   3:35pm  50.3  11:59pm    5    0  0.01   2  22   6:05pm   N 30.08   86
17   56.9  71.5   5:25pm  44.5   7:31am    9    1  0.01   1  10   1:11pm   N 30.02   81
18   61.1  73.8   4:02pm  52.3   5:09am    6    2  0.00   2  19   1:19pm NNE 30.03   74
19   62.8  77.5   4:43pm  50.5   4:38am    6    3  0.00   2  18  10:59am  NE 30.09   71
20   69.8  82.1   5:25pm  55.9   1:41am    2    7  0.00   3  24   1:15pm SSW 30.02   78
21   71.5  80.3   2:47pm  57.8  11:52pm    0    7  0.00   6  34   3:13pm  SW 29.88   68
22   56.4  67.5   5:23pm  47.1   7:12am    9    0  0.01   2  18  10:00am NNW 30.16   72
23   55.6  72.5   4:47pm  39.8   7:20am   11    2  0.00   2  19   2:09pm  NE 30.29   71
24   58.6  78.9   4:52pm  42.9   6:31am    9    3  0.00   1  15   1:22pm  NE 30.29   75
25   62.8  81.3   4:45pm  45.9   7:37am    7    5  0.00   1  10  11:53am NNE 30.23   76
26   66.2  82.5   5:29pm  51.6   7:47am    4    5  0.00   1  18   3:04pm NNE 30.18   72
27   67.8  83.6   4:33pm  53.9   7:02am    3    6  0.00   1  16   2:18pm  NE 30.14   74
28   68.9  84.6   3:42pm  57.1   6:10am    3    7  0.00   1  12   3:46pm   N 30.08   75
29   70.9  83.6   3:54pm  56.3  11:58pm    1    7  0.00   1  15   2:32pm   W 29.96   67
30   65.6  83.8   3:36pm  49.2   7:02am    5    6  0.00   1  16   2:19pm WSW 29.90   73
---------------------------------------------------------------------------------------
TOT  66.8  91.2   9/5/14  39.8  9/23/14  113  166  3.73   2  34  9/21/14 NNE 30.07   77

HEAT BASE: 65.0
COOL BASE: 65.0