] Frankfort Weather — Twin Hollies Weather Center - NOAA-Style Climate Reports
advFrankfort Weaher US is currently performing maintainence and upgrading some hardware and weather scripts.
Some Weather Cams will be off line, for exampkle, and there may be sporadic feature and data interruptions.
NOAA ALL HAZARDS WEATHER RADIO Live Streams

NOAA-Style Climate Reports

Select a Year or Month report
2019: Jan Feb Mar Apr May Jun Jul Aug Sep Oct Nov Dec
2018: Jan Feb Mar Apr May Jun Jul Aug Sep Oct Nov Dec
2017: Jan Feb Mar Apr May Jun Jul Aug Sep Oct Nov Dec
2016: Jan Feb Mar Apr May Jun Jul Aug Sep Oct Nov Dec
2015: Jan Feb Mar Apr May Jun Jul Aug Sep Oct Nov Dec
2014: Jan Feb Mar Apr May Jun Jul Aug Sep Oct Nov Dec
2013: Jan Feb Mar Apr May Jun Jul Aug Sep Oct Nov Dec
2012: Jan Feb Mar Apr May Jun Jul Aug Sep Oct Nov Dec
2011: Jan Feb Mar Apr May Jun Jul Aug Sep Oct Nov Dec
2010: Jan Feb Mar Apr May Jun Jul Aug Sep Oct Nov Dec

Report for 2015 June
                  MONTHLY CLIMATOLOGICAL SUMMARY FOR 6/2015
                                        HEAT  COOL        
     MEAN                               DEG   DEG       WIND SPEED       DOM MEAN  MEAN
DAY  TEMP  HIGH   TIME     LOW   TIME   DAYS  DAYS RAIN AVG  HI  TIME    DIR BAROM HUM
---------------------------------------------------------------------------------------
1    56.3  61.9  12:00am  53.1   9:19am    9    0  0.46   5  19   6:03am NNE 30.09   89
2    57.2  60.7   3:49pm  53.9   7:16am    8    0  0.00   4  14  12:36pm  NE 30.10   87
3    62.2  70.4   6:20pm  57.3  11:51pm    4    1  0.00   2  16  12:22pm  NE 30.05   84
4    68.3  83.3   3:51pm  52.5   6:15am    4    7  0.00   2  22   3:37pm WSW 30.03   74
5    71.9  86.2   5:17pm  55.1   6:07am    2    9  0.00   2  18   2:07pm WSW 30.01   68
6    71.5  81.7   5:43pm  64.0   3:02am    0    7  0.00   4  18   2:31pm  NE 29.99   76
7    75.4  90.1   5:07pm  58.3   6:03am    1   12  0.00   5  27   3:28pm  SW 29.94   71
8    74.2  80.9   3:13pm  68.9  11:38pm    0    9  0.14   6  26   5:08pm  SW 29.82   79
9    72.6  86.9   5:16pm  59.2   6:36am    1    9  0.12   3  22   1:34am  SW 29.84   74
10   75.8  90.8   4:49pm  58.6   6:51am    1   12  0.00   2  21   3:12pm  SW 29.86   64
11   78.8  92.5   4:13pm  63.0   6:37am    0   14  0.00   3  26   1:32pm  SW 29.89   65
12   80.8  90.2   4:32pm  71.4   2:33am    0   16  0.00   6  29  12:54pm  SW 29.92   70
13   80.0  89.1   4:06pm  72.4   6:33am    0   15  0.00   6  24   9:35am  SW 30.03   71
14   82.0  90.0   5:20pm  73.4   6:39am    0   17  0.00   6  29  11:30am  SW 30.04   67
15   82.2  91.0   3:40pm  72.7   5:56am    0   17  0.00   6  35   2:28pm  SW 30.03   68
16   80.5  89.4   2:45pm  73.1  11:58pm    0   16  0.09   5  29   2:46pm  SW 30.05   70
17   77.5  88.2   5:01pm  71.4   7:51am    0   13  0.61   4  27   4:51pm WSW 30.05   79
18   76.4  90.0   4:25pm  68.2   5:56am    0   11  1.07   3  22   4:19pm  SW 30.02   81
19   73.5  83.3  12:22pm  69.3   4:36am    0    8  0.43   2  35  11:01pm ENE 29.99   88
20   74.1  83.4   6:21pm  68.9   2:00am    0    9  1.22   6  26  12:32am WSW 29.82   88
21   78.3  87.8   5:56pm  69.0   3:03am    0   13  0.00   4  27   4:35pm WSW 29.96   74
22   77.9  87.4   4:13pm  68.9   6:01am    0   13  0.04   4  24   4:16pm  SW 30.02   79
23   82.1  91.1   5:21pm  75.4  11:57pm    0   17  0.00   7  26   9:20am  SW 29.98   73
24   74.6  85.9   5:41pm  64.2   5:47am    0   10  0.00   2  16   3:48pm NNE 30.11   66
25   74.8  88.3   6:05pm  62.3   6:32am    0   10  0.01   3  30  10:20am WSW 30.01   78
26   74.8  88.7   5:15pm  67.2   7:39pm    0   10  1.13   3  43   6:48pm WSW 29.91   80
27   69.8  74.5   5:32pm  63.4  11:56pm    0    5  0.05   6  32   7:21pm WSW 29.82   79
28   69.2  79.2   4:58pm  57.7   6:42am    2    6  0.00   3  22  10:28am WSW 29.95   60
29   70.7  81.6   2:43pm  62.1   2:54am    0    6  0.64   4  30  10:48am SSW 29.84   76
30   70.9  83.5   4:27pm  63.4   9:28pm    0    6  0.69   5  37   6:13pm  SW 29.86   82
---------------------------------------------------------------------------------------
TOT  73.8  92.5  6/11/15  52.5   6/4/15   32  296  6.70   4  43  6/26/15  SW 29.97   75

HEAT BASE: 65.0
COOL BASE: 65.0