иии NEW иии from Personal Weather Station Operators
NOAA WEATHER RADIO. ORG

NOAA-Style Climate Reports

Select a Year or Month report
2017: Jan Feb Mar Apr May Jun Jul Aug Sep Oct Nov Dec
2016: Jan Feb Mar Apr May Jun Jul Aug Sep Oct Nov Dec
2015: Jan Feb Mar Apr May Jun Jul Aug Sep Oct Nov Dec
2014: Jan Feb Mar Apr May Jun Jul Aug Sep Oct Nov Dec
2013: Jan Feb Mar Apr May Jun Jul Aug Sep Oct Nov Dec
2012: Jan Feb Mar Apr May Jun Jul Aug Sep Oct Nov Dec
2011: Jan Feb Mar Apr May Jun Jul Aug Sep Oct Nov Dec
2010: Jan Feb Mar Apr May Jun Jul Aug Sep Oct Nov Dec

Report for 2016 November
                  MONTHLY CLIMATOLOGICAL SUMMARY FOR 11/2016
                                        HEAT  COOL        
     MEAN                               DEG   DEG       WIND SPEED       DOM MEAN  MEAN
DAY  TEMP  HIGH   TIME     LOW   TIME   DAYS  DAYS RAIN AVG  HI  TIME    DIR BAROM HUM
---------------------------------------------------------------------------------------
1    69.0  83.2   4:34pm  56.6   3:06am    2    6  0.00   3  29   2:32pm  SW 30.12   70
2    68.5  82.0   2:30pm  54.9   8:42am    2    6  0.00   3  34   4:29pm  SW 30.24   64
3    64.7  71.7  12:38pm  58.1   7:48am    2    1  0.01   2  21  10:10am WSW 30.18   80
4    53.2  64.8   3:13pm  41.2  11:59pm   11    0  0.01   2  22   5:53pm NNE 30.35   83
5    46.7  65.9   4:25pm  31.9   8:30am   18    0  0.02   0  11   5:17pm  NE 30.42   78
6    49.6  68.7   2:15pm  35.2   7:17am   16    0  0.00   1  18  11:42am ENE 30.41   72
7    52.1  73.8   2:48pm  36.1   7:50am   14    1  0.00   1  19   1:22pm  SW 30.37   70
8    53.0  64.8  12:00pm  42.2   2:37am   12    0  0.26   3  22  12:12pm  SW 30.26   80
9    46.1  53.8  12:00am  35.1  11:55pm   19    0  0.01   3  35   1:14am NNW 30.27   83
10   45.4  62.1   3:37pm  29.2   6:12am   20    0  0.00   2  19   1:32pm  SW 30.27   73
11   50.2  63.4   2:06pm  37.9   7:38am   15    0  0.00   5  32   8:48pm NNE 30.19   64
12   41.2  54.9   4:04pm  27.7  11:43pm   24    0  0.00   4  21   8:33am  NE 30.42   65
13   39.0  64.9   4:54pm  21.8   7:36am   26    0  0.00   0  11  12:56pm WSW 30.31   68
14   41.2  62.8   2:51pm  24.7   7:41am   24    0  0.00   1  24  12:15pm WSW 30.11   72
15   45.1  64.4   3:25pm  28.6   4:47am   20    0  0.00   1  18   3:49pm SSW 30.00   78
16   48.3  68.7   3:41pm  33.5   7:45am   17    0  0.00   1  14  12:10pm SSW 30.02   77
17   54.7  77.7   2:25pm  35.0   6:28am   13    3  0.00   1  19   3:22pm SSW 30.08   69
18   63.4  78.0   2:43pm  47.7   6:17am    5    3  0.00   5  37   2:10pm SSW 30.07   54
19   42.3  67.2  12:00am  34.5   9:52pm   23    0  0.18  10  37   2:32am   W 30.20   68
20   34.1  42.5   3:46pm  25.5  11:58pm   34    0  0.00   4  22  12:33pm ENE 30.34   59
21   31.4  46.3   4:25pm  21.9   5:40am   34    0  0.00   1  13  11:06am   N 30.34   73
22   35.4  52.3   2:23pm  22.8   4:25am   22    0  0.00   1  13   2:24pm ENE 52.93   68
23   47.8  60.9   2:58pm  37.1   1:17am   17    0  0.17   1  16   5:18pm ENE 30.14   66
24   49.9  53.4   2:36am  45.5  11:55pm   15    0  0.02   2  19  10:11am WSW 30.18   92
25   41.2  45.5  12:00am  39.3   9:21pm   24    0  0.00   2  24   7:34pm WNW 30.33   84
26   39.6  45.3   3:08pm  28.3  11:54pm   25    0  0.00   2  16   3:55pm WSW 30.39   77
27   37.8  54.3   2:50pm  22.5   6:17am   27    0  0.00   1  13  11:28pm SSW 30.19   74
28   51.4  57.8   1:04pm  45.3   1:06am   14    0  0.70   3  34   9:18pm   S 29.76   70
29   56.5  65.1   3:08pm  44.6   7:52am    9    0  0.05   4  32   1:13am  SW 29.70   74
30   54.1  61.2   1:47pm  41.1  11:57pm   11    0  0.07   4  26   7:18pm WSW 29.68   83
---------------------------------------------------------------------------------------
TOT  48.5  83.2  11/1/16  21.8 11/13/16  513   21  1.50   2  37 11/19/16 WSW 30.74   73

HEAT BASE: 65.0
COOL BASE: 65.0