иии NEW иии from Personal Weather Station Operators
NOAA WEATHER RADIO. ORG

NOAA-Style Climate Reports

Select a Year or Month report
2017: Jan Feb Mar Apr May Jun Jul Aug Sep Oct Nov Dec
2016: Jan Feb Mar Apr May Jun Jul Aug Sep Oct Nov Dec
2015: Jan Feb Mar Apr May Jun Jul Aug Sep Oct Nov Dec
2014: Jan Feb Mar Apr May Jun Jul Aug Sep Oct Nov Dec
2013: Jan Feb Mar Apr May Jun Jul Aug Sep Oct Nov Dec
2012: Jan Feb Mar Apr May Jun Jul Aug Sep Oct Nov Dec
2011: Jan Feb Mar Apr May Jun Jul Aug Sep Oct Nov Dec
2010: Jan Feb Mar Apr May Jun Jul Aug Sep Oct Nov Dec

Report for 2017 February
                  MONTHLY CLIMATOLOGICAL SUMMARY FOR 2/2017
                                        HEAT  COOL        
     MEAN                               DEG   DEG       WIND SPEED       DOM MEAN  MEAN
DAY  TEMP  HIGH   TIME     LOW   TIME   DAYS  DAYS RAIN AVG  HI  TIME    DIR BAROM HUM
---------------------------------------------------------------------------------------
1    42.8  52.0   2:13pm  38.0  11:59pm   22    0  0.00   2  18   4:34pm NNW 30.08   63
2    33.5  40.2   3:05pm  24.7  11:58pm   31    0  0.00   3  21   1:04pm WNW 30.32   54
3    25.5  31.5   4:22pm  15.4  11:53pm   40    0  0.00   3  27   3:16pm WNW 30.44   55
4    25.6  41.7   5:34pm   9.9   6:37am   39    0  0.00   1  18   2:13pm ENE 30.40   59
5    45.0  55.4   4:27pm  34.8  11:56pm   20    0  0.00   7  32  10:20am WSW 30.08   58
6    45.8  59.2  11:52pm  28.1   4:46am   19    0  0.01   3  29  11:45pm SSW 30.02   85
7    58.2  61.0   2:16am  55.6  10:48pm    7    0  0.65  10  40   7:17am  SW 29.64   87
8    44.8  56.3  12:21am  32.4  11:56pm   20    0  0.35   5  30  11:48pm NNW 29.74   89
9    26.8  32.4  12:00am  18.9  11:53pm   38    0  0.00   7  37  12:07pm WNW 30.25   69
10   38.6  57.1   5:16pm  17.2   1:11am   26    0  0.00   7  38   8:51pm  SW 30.19   53
11   58.2  63.7   1:46pm  52.0   4:07am    7    0  0.00   6  29  11:51am  SW 29.94   68
12   58.9  67.8   5:13am  40.0  11:59pm    7    0  0.00  10  38   8:22pm WNW 29.97   67
13   38.3  51.0   4:48pm  26.3   7:27am   27    0  0.00   2  24  12:25am NNW 30.27   52
14   42.9  54.4   4:08pm  33.1  12:37am   22    0  0.00   5  26  12:58pm  SW 29.94   64
15   40.1  45.7   3:06pm  33.9  11:56pm   25    0  0.00   7  32  12:38pm WSW 29.80   57
16   38.5  50.3   5:12pm  29.6   4:11am   26    0  0.00   3  19   4:14pm WSW 29.95   49
17   53.4  67.8   3:50pm  40.1  12:00am   12    0  0.00   7  30   4:32pm  SW 29.86   45
18   48.2  57.2  12:59pm  40.0   4:06am   17    0  0.15   2  26   1:33pm  SW 29.87   76
19   49.8  57.6   4:48pm  39.6  11:58pm   15    0  0.00   1  11  10:45am  SW 30.06   89
20   51.4  71.5   2:37pm  33.8   7:35am   15    1  0.01   1  19   4:19pm ENE 30.14   77
21   60.4  71.8  12:22pm  48.5   4:08am    6    1  0.12   2  26  12:32pm  SW 29.97   68
22   61.1  69.4   3:46pm  55.3   7:42am    5    1  0.01   2  18   2:46pm SSW 29.85   84
23   61.9  69.8   4:06pm  56.1   7:41am    4    1  0.00   3  19  10:22am  SW 29.77   83
24   66.5  79.5   4:03pm  55.1   5:49am    3    4  0.17   8  45  10:59am  SW 29.62   67
25   39.0  57.0  12:00am  28.9  11:58pm   26    0  0.00   9  43  10:55am WSW 29.86   61
26   36.1  50.6   4:06pm  22.4   7:21am   29    0  0.00   2  21   3:29pm  SW 30.19   55
27   46.8  61.0   5:59pm  41.5   1:01am   18    0  0.17   2  26   4:13am SSW 30.21   74
28   55.5  65.5  11:34pm  44.7  12:00am    9    0  0.42   5  30   4:42pm SSW 29.99   88
---------------------------------------------------------------------------------------
TOT  46.2  79.5  2/24/17   9.9   2/4/17  535    9  2.07   5  43  2/25/17  SW 30.01   68

HEAT BASE: 65.0
COOL BASE: 65.0