иии NEW иии from Personal Weather Station Operators
NOAA WEATHER RADIO. ORG

NOAA-Style Climate Reports

Select a Year or Month report
2017: Jan Feb Mar Apr May Jun Jul Aug Sep Oct Nov Dec
2016: Jan Feb Mar Apr May Jun Jul Aug Sep Oct Nov Dec
2015: Jan Feb Mar Apr May Jun Jul Aug Sep Oct Nov Dec
2014: Jan Feb Mar Apr May Jun Jul Aug Sep Oct Nov Dec
2013: Jan Feb Mar Apr May Jun Jul Aug Sep Oct Nov Dec
2012: Jan Feb Mar Apr May Jun Jul Aug Sep Oct Nov Dec
2011: Jan Feb Mar Apr May Jun Jul Aug Sep Oct Nov Dec
2010: Jan Feb Mar Apr May Jun Jul Aug Sep Oct Nov Dec

Report for 2017 May
                  MONTHLY CLIMATOLOGICAL SUMMARY FOR 5/2017
                                        HEAT  COOL        
     MEAN                               DEG   DEG       WIND SPEED       DOM MEAN  MEAN
DAY  TEMP  HIGH   TIME     LOW   TIME   DAYS  DAYS RAIN AVG  HI  TIME    DIR BAROM HUM
---------------------------------------------------------------------------------------
1    61.8  70.6  12:00am  50.4  11:35pm    4    1  0.24  11  45   6:25am WSW 29.69   71
2    59.1  71.3   5:04pm  48.8   3:09am    7    1  0.00  11  59   2:20pm WSW 29.90   54
3    54.6  65.1   4:43pm  40.7   6:49am   10    0  0.00   4  24   8:39pm  NE 30.10   65
4    57.1  62.7   2:14pm  52.3   9:12am    8    0  0.48   3  27   2:20pm ENE 29.75   83
5    50.9  58.7  12:00am  45.6  11:08pm   14    0  0.73   5  32  12:49pm NNW 29.55   93
6    49.9  62.9   5:01pm  41.1   6:38am   15    0  0.02   4  26   5:39pm WSW 29.77   74
7    53.3  66.5   5:52pm  37.4   5:52am   12    0  0.00   5  32   1:42pm WSW 29.98   50
8    53.7  69.1   4:26pm  34.8   6:56am   12    0  0.01   2  19   4:54pm WSW 30.11   58
9    63.4  82.0   5:41pm  53.7   7:01am    5    3  0.02   2  21   2:25pm ENE 29.95   79
10   70.9  84.8   3:53pm  55.6   6:34am    3    9  0.00   2  24   4:48pm  SW 29.94   71
11   69.6  76.8   1:37pm  61.6  11:59pm    0    5  0.43   3  38   3:14am WSW 29.86   85
12   58.2  61.6  12:00am  55.1  11:59pm    7    0  0.21   2  26   2:26pm NNE 29.86   92
13   61.4  75.8   7:04pm  47.3   6:12am    6    3  0.02   1  16  11:45am  NE 29.92   70
14   68.1  83.1   3:49pm  50.7   4:37am    4    7  0.00   2  24   6:16pm WSW 29.94   64
15   70.8  86.6   5:30pm  54.6   6:08am    3    8  0.00   1  16   3:32pm  SW 29.99   67
16   73.6  86.3   5:48pm  58.3   5:17am    1   10  0.00   4  27   5:14pm  SW 29.98   68
17   76.3  86.0   6:17pm  66.6   3:39am    0   11  0.00   4  30   3:31pm SSW 29.94   62
18   78.5  86.7   4:53pm  72.3  10:40pm    0   14  0.00   7  37  11:21am  SW 29.94   62
19   73.3  84.8   2:21pm  65.0   6:27am    0    8  0.03   3  29   3:11pm  SW 30.00   79
20   74.6  88.2   3:29pm  63.6   3:49am    0    9  0.00   2  26   1:48pm  SW 29.99   78
21   72.8  88.2   3:29pm  63.4  11:57pm    1   12  0.49   2  27   4:32pm  SW 30.00   81
22   62.5  73.1   8:33am  50.3   6:56am    4    2  0.00   2  18  10:05am NNE 30.10   68
23   64.2  76.2   3:45pm  51.9   6:43am    4    3  0.00   1  14  12:29pm ENE 29.79   76
24   62.8  72.5   3:31pm  58.1  11:49pm    3    1  0.06   2  22  11:15pm WSW 29.48   87
25   58.8  65.0   8:09pm  55.9  11:51pm    6    0  0.41   8  34   3:09pm WSW 29.58   89
26   67.4  81.6   6:19pm  51.1   6:42am    4    6  0.00   1  22   1:47pm  SW 29.91   74
27   73.8  82.9   2:24pm  65.1  11:35pm    0    9  0.28   3  37   9:45pm  SW 29.87   78
28   68.5  76.7   3:31pm  62.5   5:45am    0    4  0.00   6  34  12:24pm  SW 29.82   82
29   72.6  82.5   4:08pm  63.8   4:48am    0    8  0.00   2  16   1:10am  SW 29.94   70
30   73.0  84.4   4:26pm  60.6  11:48pm    0    8  0.00   2  18   7:52pm  SW 30.02   57
31   68.9  84.2   5:52pm  54.6   4:11am    3    7  0.11   1  24   7:14am WSW 30.04   67
---------------------------------------------------------------------------------------
TOT  65.1  88.2  5/20/17  34.8   5/8/17  138  149  3.54   4  45   5/1/17 WSW 29.89   73

HEAT BASE: 65.0
COOL BASE: 65.0