иии NEW иии from Personal Weather Station Operators
NOAA WEATHER RADIO. ORG

NOAA-Style Climate Reports

Select a Year or Month report
2017: Jan Feb Mar Apr May Jun Jul Aug Sep Oct Nov Dec
2016: Jan Feb Mar Apr May Jun Jul Aug Sep Oct Nov Dec
2015: Jan Feb Mar Apr May Jun Jul Aug Sep Oct Nov Dec
2014: Jan Feb Mar Apr May Jun Jul Aug Sep Oct Nov Dec
2013: Jan Feb Mar Apr May Jun Jul Aug Sep Oct Nov Dec
2012: Jan Feb Mar Apr May Jun Jul Aug Sep Oct Nov Dec
2011: Jan Feb Mar Apr May Jun Jul Aug Sep Oct Nov Dec
2010: Jan Feb Mar Apr May Jun Jul Aug Sep Oct Nov Dec

Report for 2017 July
                  MONTHLY CLIMATOLOGICAL SUMMARY FOR 7/2017
                                        HEAT  COOL        
     MEAN                               DEG   DEG       WIND SPEED       DOM MEAN  MEAN
DAY  TEMP  HIGH   TIME     LOW   TIME   DAYS  DAYS RAIN AVG  HI  TIME    DIR BAROM HUM
---------------------------------------------------------------------------------------
1    75.0  85.5   4:54pm  67.6  11:58pm    0   10  0.36   4  22  10:07pm  SW 29.95   80
2    77.1  88.3   7:24pm  67.0   2:26am    0   12  0.00   2  18   1:44pm  SW 30.06   73
3    76.1  87.4   5:02pm  63.6   6:16am    0   11  0.00   1  13  12:31pm NNE 30.03   74
4    72.7  76.0   7:26pm  70.1  10:11am    0    8  0.59   1  14   1:49pm  NE 30.02   90
5    74.5  82.0   1:17pm  66.9   6:22am    0   10  0.30   1  11   1:40pm  NE 30.05   87
6    73.3  79.5   1:07pm  70.1  11:59pm    0    8  0.59   2  27   7:49am  SW 29.98   91
7    75.1  87.0   5:11pm  65.8   5:11am    0   10  0.68   6  38   8:40pm  SW 29.94   83
8    73.9  85.5   4:07pm  65.5   6:05am    0    9  0.00   3  23   4:48pm WSW 29.95   74
9    73.4  85.7   5:55pm  59.3   6:38am    1    9  0.00   1  14  12:33pm WNW 30.05   67
10   77.8  87.9   6:29pm  66.4   2:09am    0   13  0.00   5  31   1:08pm SSW 29.98   69
11   78.2  85.0   6:26pm  72.8   7:15am    0   13  0.00   4  23   2:19am SSW 29.98   76
12   80.8  91.3   5:06pm  67.7   7:01am    0   15  0.00   4  23   3:44pm SSW 30.03   73
13   83.2  92.4   4:59pm  75.0   2:43am    0   17  0.00   5  27   2:29pm  SW 30.04   72
14   80.7  88.9   6:32pm  75.2  11:53pm    0   16  0.09   4  24   1:01pm  SW 30.03   75
15   74.8  84.9   5:43pm  65.0   6:47am    0   10  0.00   2  16   2:06pm NNE 30.06   70
16   75.0  87.4   5:40pm  61.0   6:50am    0   10  0.00   1  14   3:17pm WNW 29.98   72
17   77.4  90.8   4:43pm  64.3   6:17am    0   12  0.00   1  14   3:41pm  NE 29.97   69
18   79.5  91.6   6:20pm  66.2   6:41am    0   15  0.00   2  16  10:43am  SW 30.03   70
19   80.2  91.1   5:02pm  69.0   7:01am    0   15  0.00   2  14  12:37pm WNW 30.07   68
20   81.1  92.8   6:02pm  67.8   5:29am    0   16  0.00   2  24   5:23pm  SW 30.04   72
21   83.9  94.9   5:16pm  73.0   6:38am    0   19  0.00   3  23   2:54pm SSW 29.96   72
22   85.4  93.5   5:42pm  77.6   6:48am    0   20  0.00   6  32   3:36pm  SW 29.85   70
23   78.4  86.5   6:08pm  70.3  11:14am    0   13  0.98   6  45   9:27am WSW 29.81   73
24   79.3  88.5   5:12pm  70.3   4:54am    0   14  0.00   3  23   5:18pm WSW 29.89   72
25   74.7  84.7   4:56pm  65.1   6:18am    0   10  0.00   5  19   1:03pm  NE 30.10   66
26   76.5  90.5   5:37pm  61.1   6:15am    0   12  0.00   2  16   1:35pm ENE 30.07   71
27   80.0  86.3  12:30pm  73.3  11:52pm    0   15  0.11   3  19   8:59pm  SW 29.90   78
28   75.6  83.7   6:18pm  70.1  11:56pm    0   11  0.49   3  26   3:23pm   N 29.79   80
29   71.1  80.4   5:55pm  61.6   7:01am    0    6  0.00   6  29   8:36am NNE 29.93   67
30   70.9  83.6   6:16pm  55.7   6:49am    2    8  0.00   3  29   3:04pm  NE 30.10   67
31   75.1  89.5   4:49pm  59.7   6:45am    1   11  0.00   1  14  12:42pm  NE 30.11   68
---------------------------------------------------------------------------------------
TOT  77.1  94.9  7/21/17  55.7  7/30/17    5  378  4.19   3  43  7/23/17  SW 29.99   74

HEAT BASE: 65.0
COOL BASE: 65.0