advFrankfort Weaher US is currently performing maintainence and upgrading some hardware and weather scripts.
Some Weather Cams will be off line, for exampkle, and there may be sporadic feature and data interruptions.
NOAA ALL HAZARDS WEATHER RADIO Live Streams

NOAA-Style Climate Reports

Select a Year or Month report
2019: Jan Feb Mar Apr May Jun Jul Aug Sep Oct Nov Dec
2018: Jan Feb Mar Apr May Jun Jul Aug Sep Oct Nov Dec
2017: Jan Feb Mar Apr May Jun Jul Aug Sep Oct Nov Dec
2016: Jan Feb Mar Apr May Jun Jul Aug Sep Oct Nov Dec
2015: Jan Feb Mar Apr May Jun Jul Aug Sep Oct Nov Dec
2014: Jan Feb Mar Apr May Jun Jul Aug Sep Oct Nov Dec
2013: Jan Feb Mar Apr May Jun Jul Aug Sep Oct Nov Dec
2012: Jan Feb Mar Apr May Jun Jul Aug Sep Oct Nov Dec
2011: Jan Feb Mar Apr May Jun Jul Aug Sep Oct Nov Dec
2010: Jan Feb Mar Apr May Jun Jul Aug Sep Oct Nov Dec

Report for 2017 August
                  MONTHLY CLIMATOLOGICAL SUMMARY FOR 8/2017
                                        HEAT  COOL        
     MEAN                               DEG   DEG       WIND SPEED       DOM MEAN  MEAN
DAY  TEMP  HIGH   TIME     LOW   TIME   DAYS  DAYS RAIN AVG  HI  TIME    DIR BAROM HUM
---------------------------------------------------------------------------------------
1    75.6  87.6   5:40pm  66.2   6:36am    0   11  0.00   1  11   4:53pm ENE 30.07   69
2    73.7  85.7   1:36pm  66.5   7:04am    0    9  0.01   2  21   2:03pm SSW 30.05   75
3    74.7  88.9   4:16pm  62.2   6:51am    0   10  0.00   3  24   6:19pm SSW 30.03   74
4    72.8  81.1   4:28pm  61.9  11:59pm    0    8  0.02   6  34   5:13pm SSW 29.94   71
5    66.1  80.1   3:10pm  50.8   6:34am    4    5  0.00   1  14  12:23pm WSW 30.09   66
6    65.9  75.0   3:01pm  59.9   5:29am    1    2  0.44   1  14  10:17am  NE 30.05   78
7    67.5  73.5   4:35pm  62.8   6:18am    0    3  0.37   2  16   2:56pm NNE 29.96   86
8    70.7  82.3   5:36pm  60.2   6:55am    1    7  0.00   3  19  11:18am  NE 30.10   72
9    70.2  84.7   5:04pm  54.4   6:45am    2    7  0.00   2  19  11:48am  NE 30.15   64
10   74.0  85.7   2:45pm  62.7   7:13am    0    9  0.00   2  18   3:50pm WSW 30.09   65
11   73.3  85.5   2:44pm  61.0   6:28am    1    9  0.00   1  13   1:22pm WSW 30.01   76
12   74.4  84.8   3:31pm  64.7  11:59pm    0    9  0.00   2  24   4:28pm NNE 29.95   73
13   71.9  85.5   4:27pm  58.1   7:08am    1    8  0.00   2  18  11:50am  NE 30.00   67
14   73.4  84.2   4:30pm  66.9   2:56am    0    8  0.07   1  14  12:38pm  SW 29.89   76
15   77.4  89.9   4:08pm  68.5   4:29am    0   12  0.00   1  14   1:10pm WNW 29.89   75
16   79.1  92.2   4:35pm  66.9   6:02am    0   14  0.00   2  19   3:07pm SSW 29.97   74
17   80.0  91.4   4:38pm  72.3   6:05am    0   15  0.53   6  37   3:41pm  SW 29.90   76
18   78.3  87.0   5:56pm  71.8  11:59pm    0   13  0.00   4  23  12:38pm  SW 29.88   71
19   76.2  89.0   4:38pm  65.3   5:40am    0   11  0.00   3  23   1:59pm  SW 29.94   71
20   78.6  92.5   3:58pm  65.3   6:59am    0   14  0.00   2  18   2:03pm  SW 30.04   69
21   79.9  92.5   5:15pm  66.3   7:24am    0   15  0.00   2  18   4:18pm SSW 30.10   67
22   77.7  90.3   1:25pm  70.3  11:54pm    0   13  0.27   4  34   2:35pm  SW 29.94   75
23   72.1  81.6   6:12pm  62.7  11:58pm    0    7  0.00   3  19   2:20pm NNE 29.97   67
24   67.4  80.7   3:54pm  55.1   6:06am    3    5  0.00   2  18   1:34pm   N 30.03   65
25   66.1  79.0   4:11pm  52.5   6:42am    4    5  0.00   2  18   1:10pm  NE 30.15   67
26   67.1  80.5   4:12pm  52.1   7:16am    3    5  0.00   3  24  11:24am  NE 30.20   62
27   70.1  87.0   4:58pm  53.3   7:00am    3    8  0.00   2  16  11:33am  NE 30.09   63
28   67.7  76.4  11:28am  61.2   4:45am    1    4  0.00   1  18  12:20pm SSW 30.01   82
29   68.6  81.8   4:36pm  59.5   7:44am    1    5  0.22   2  23   8:49pm ENE 30.00   80
30   70.7  83.2   5:49pm  60.8   7:16am    1    7  0.01   1  10  12:59pm NNE 30.02   76
31   73.2  86.6   4:14pm  62.4   7:21am    0    9  0.00   2  24  11:37pm  NE 29.99   72
---------------------------------------------------------------------------------------
TOT  72.7  92.5  8/20/17  50.8   8/5/17   27  267  1.94   2  37  8/17/17  NE 30.01   72

HEAT BASE: 65.0
COOL BASE: 65.0