NOAA-Style Climate Reports
Select a Year or Month report
2024: Jan Feb Mar Apr May Jun Jul Aug Sep Oct Nov Dec
2023: Jan Feb Mar Apr May Jun Jul Aug Sep Oct Nov Dec
2022: Jan Feb Mar Apr May Jun Jul Aug Sep Oct Nov Dec
2021: Jan Feb Mar Apr May Jun Jul Aug Sep Oct Nov Dec
2020: Jan Feb Mar Apr May Jun Jul Aug Sep Oct Nov Dec
2019: Jan Feb Mar Apr May Jun Jul Aug Sep Oct Nov Dec
2018: Jan Feb Mar Apr May Jun Jul Aug Sep Oct Nov Dec
2017: Jan Feb Mar Apr May Jun Jul Aug Sep Oct Nov Dec
2016: Jan Feb Mar Apr May Jun Jul Aug Sep Oct Nov Dec
2015: Jan Feb Mar Apr May Jun Jul Aug Sep Oct Nov Dec
2014: Jan Feb Mar Apr May Jun Jul Aug Sep Oct Nov Dec
2013: Jan Feb Mar Apr May Jun Jul Aug Sep Oct Nov Dec
2012: Jan Feb Mar Apr May Jun Jul Aug Sep Oct Nov Dec
2011: Jan Feb Mar Apr May Jun Jul Aug Sep Oct Nov Dec
2010: Jan Feb Mar Apr May Jun Jul Aug Sep Oct Nov Dec
2024: Jan Feb Mar Apr May Jun Jul Aug Sep Oct Nov Dec
2023: Jan Feb Mar Apr May Jun Jul Aug Sep Oct Nov Dec
2022: Jan Feb Mar Apr May Jun Jul Aug Sep Oct Nov Dec
2021: Jan Feb Mar Apr May Jun Jul Aug Sep Oct Nov Dec
2020: Jan Feb Mar Apr May Jun Jul Aug Sep Oct Nov Dec
2019: Jan Feb Mar Apr May Jun Jul Aug Sep Oct Nov Dec
2018: Jan Feb Mar Apr May Jun Jul Aug Sep Oct Nov Dec
2017: Jan Feb Mar Apr May Jun Jul Aug Sep Oct Nov Dec
2016: Jan Feb Mar Apr May Jun Jul Aug Sep Oct Nov Dec
2015: Jan Feb Mar Apr May Jun Jul Aug Sep Oct Nov Dec
2014: Jan Feb Mar Apr May Jun Jul Aug Sep Oct Nov Dec
2013: Jan Feb Mar Apr May Jun Jul Aug Sep Oct Nov Dec
2012: Jan Feb Mar Apr May Jun Jul Aug Sep Oct Nov Dec
2011: Jan Feb Mar Apr May Jun Jul Aug Sep Oct Nov Dec
2010: Jan Feb Mar Apr May Jun Jul Aug Sep Oct Nov Dec
Report for 2017 October
MONTHLY CLIMATOLOGICAL SUMMARY FOR 10/2017 HEAT COOL MEAN DEG DEG WIND SPEED DOM MEAN MEAN DAY TEMP HIGH TIME LOW TIME DAYS DAYS RAIN AVG HI TIME DIR BAROM HUM --------------------------------------------------------------------------------------- 1 60.3 76.3 2:41pm 45.1 2:43am 8 3 0.00 2 13 9:04am NE 30.24 64 2 63.1 81.7 4:33pm 46.5 5:52am 6 5 0.00 1 14 12:45pm SSW 30.27 64 3 67.7 85.7 4:58pm 52.8 6:58am 4 6 0.00 1 14 11:53am SSW 30.38 66 4 66.8 83.7 5:28pm 50.0 7:52am 4 6 0.00 2 19 1:55pm WSW 30.36 71 5 67.9 79.0 5:59pm 57.8 8:09am 2 5 0.00 1 21 2:05pm WSW 30.20 72 6 68.1 83.7 5:09pm 53.8 7:42am 3 6 0.00 2 19 12:35pm SW 30.06 71 7 73.2 82.6 3:50pm 64.8 5:47am 0 8 0.01 5 34 11:58am SSW 29.87 71 8 66.9 74.3 12:00am 62.4 6:13am 1 3 3.84 2 37 12:05am NE 29.81 90 9 70.4 76.3 4:45pm 63.7 11:58pm 0 5 0.04 2 13 4:14am WSW 29.89 89 10 68.2 77.7 1:49pm 62.4 4:31am 1 4 1.04 2 19 10:53pm NE 30.04 89 11 66.3 72.3 6:52am 58.8 11:58pm 1 3 0.07 5 29 11:42am WSW 30.01 84 12 60.8 66.2 3:53pm 55.8 11:59pm 4 0 0.00 1 10 2:05pm WSW 30.14 82 13 60.6 79.3 5:38pm 47.8 7:09am 7 3 0.00 1 11 3:24pm SW 30.17 80 14 66.3 82.7 4:57pm 50.2 7:27am 5 6 0.01 2 23 1:50pm SSW 30.13 78 15 65.8 77.4 2:49pm 52.9 11:50pm 3 4 0.04 7 43 6:59pm SSW 30.02 80 16 52.5 63.3 5:04pm 42.0 11:59pm 13 0 0.00 2 21 12:59pm N 30.28 72 17 49.8 68.7 4:56pm 34.1 7:58am 16 0 0.00 1 14 2:16pm SSW 30.34 73 18 52.5 71.8 5:30pm 35.9 6:38am 14 1 0.00 1 16 10:54am SSW 30.29 73 19 55.3 73.9 5:35pm 39.2 7:57am 11 2 0.00 2 18 2:56pm SSW 30.25 75 20 58.4 78.8 4:12pm 42.9 8:19am 10 3 0.00 1 11 1:46pm ENE 30.25 75 21 59.7 77.5 3:44pm 45.7 7:35am 8 3 0.00 1 18 12:50pm SSW 30.21 71 22 64.2 77.8 4:46pm 50.7 4:46am 4 3 0.00 2 24 11:28am S 30.14 66 23 60.0 67.5 2:41am 47.6 11:57pm 5 0 0.66 5 32 2:19pm SW 29.80 82 24 50.8 58.1 4:43pm 45.5 11:50pm 14 0 0.05 7 37 5:04pm WSW 29.81 73 25 46.2 53.1 2:39pm 37.6 11:51pm 19 0 0.00 5 29 2:03pm WSW 29.88 67 26 47.2 65.9 5:00pm 30.9 5:59am 18 0 0.00 1 16 2:19pm S 29.93 70 27 54.1 67.6 2:09pm 39.5 11:52pm 11 0 0.32 5 31 11:27am SSW 29.87 71 28 38.6 42.5 1:41pm 36.1 7:47am 26 0 0.74 3 19 12:44pm WNW 29.95 80 29 36.7 38.0 4:16pm 31.9 11:58pm 28 0 0.00 3 18 3:40pm WSW 29.92 78 30 41.0 56.6 3:07pm 28.9 3:18am 24 0 0.00 5 26 3:19pm SW 29.93 72 31 41.1 51.0 3:46pm 33.6 7:42am 24 0 0.00 2 18 10:38am SW 30.19 71 --------------------------------------------------------------------------------------- TOT 58.1 85.7 10/3/17 28.9 10/30/17 294 79 6.82 3 37 10/8/17 SW 30.08 75 HEAT BASE: 65.0 COOL BASE: 65.0