advFrankfort Weaher US is currently performing maintainence and upgrading some hardware and weather scripts.
Some Weather Cams will be off line, for exampkle, and there may be sporadic feature and data interruptions.
NOAA ALL HAZARDS WEATHER RADIO Live Streams

NOAA-Style Climate Reports

Select a Year or Month report
2019: Jan Feb Mar Apr May Jun Jul Aug Sep Oct Nov Dec
2018: Jan Feb Mar Apr May Jun Jul Aug Sep Oct Nov Dec
2017: Jan Feb Mar Apr May Jun Jul Aug Sep Oct Nov Dec
2016: Jan Feb Mar Apr May Jun Jul Aug Sep Oct Nov Dec
2015: Jan Feb Mar Apr May Jun Jul Aug Sep Oct Nov Dec
2014: Jan Feb Mar Apr May Jun Jul Aug Sep Oct Nov Dec
2013: Jan Feb Mar Apr May Jun Jul Aug Sep Oct Nov Dec
2012: Jan Feb Mar Apr May Jun Jul Aug Sep Oct Nov Dec
2011: Jan Feb Mar Apr May Jun Jul Aug Sep Oct Nov Dec
2010: Jan Feb Mar Apr May Jun Jul Aug Sep Oct Nov Dec

Report for 2017 November
                  MONTHLY CLIMATOLOGICAL SUMMARY FOR 11/2017
                                        HEAT  COOL        
     MEAN                               DEG   DEG       WIND SPEED       DOM MEAN  MEAN
DAY  TEMP  HIGH   TIME     LOW   TIME   DAYS  DAYS RAIN AVG  HI  TIME    DIR BAROM HUM
---------------------------------------------------------------------------------------
1    47.2  58.9   9:52pm  38.8   5:10am   18    0  0.32   1  16   9:51pm ENE 30.08   87
2    64.1  72.3   4:15pm  56.6   4:36am    3    2  0.04   3  26   3:19am SSW 30.04   76
3    60.2  68.1   1:52am  49.9  10:17pm    5    1  0.79   5  26  12:06pm NNE 30.13   87
4    58.9  68.7   4:27pm  50.7  12:00am    6    0  0.00   2  14   3:46am ENE 30.07   89
5    69.7  77.0   4:11pm  62.1   3:00am    0    5  0.00   7  52  11:34pm SSW 29.90   77
6    55.5  73.4  12:19am  49.4  10:58pm   10    1  0.39   7  42   1:13am NNE 30.04   82
7    46.2  49.7  12:13am  44.5  11:46pm   19    0  0.47   6  24   7:39am NNE 30.12   87
8    43.6  51.3   3:35pm  34.2  11:40pm   21    0  0.00   5  27  12:06pm NNE 30.23   72
9    42.6  57.1   3:08pm  27.9   6:16am   22    0  0.00   2  19  11:59pm WSW 30.21   72
10   33.6  42.1  12:00am  27.5  11:25pm   31    0  0.00   6  26  10:00am NNE 30.46   60
11   34.7  46.4   3:15pm  24.6   7:20am   30    0  0.00   2  16  12:00am  NE 30.42   66
12   45.7  55.2  12:09pm  36.1   5:34am   19    0  0.05   3  23  10:05pm SSW 30.99   83
13   42.4  45.0   2:55pm  39.1   6:30am   23    0  0.00   3  19   5:33am WNW 30.42   81
14   42.3  51.7   3:46pm  33.1  11:49pm   23    0  0.00   2  18   9:10am  NE 30.31   79
15   43.1  55.5  12:26pm  29.9   4:24am   22    0  0.24   4  24  12:43pm  SW 30.06   88
16   39.5  48.5  12:44am  35.0  11:30pm   25    0  0.01   4  19   6:48am WSW 30.17   85
17   42.2  53.4  11:55pm  33.3   6:45am   23    0  0.00   3  19   3:33am ENE 30.12   73
18   57.7  65.1   1:22pm  40.0  11:44pm    7    0  0.53  13  56   7:19pm SSW 29.55   74
19   36.7  40.8   1:57am  26.8  11:59pm   28    0  0.00   5  32  12:44am WSW 30.03   76
20   34.1  49.6   2:24pm  22.0   6:52am   31    0  0.00   1  19  11:07am SSW 30.18   72
21   45.5  58.6   3:17pm  31.4   4:41am   20    0  0.00   5  35  11:32am  SW 30.01   57
22   34.4  46.7  12:00am  23.1  11:53pm   31    0  0.00   4  31  12:15am  NW 30.25   71
23   32.4  51.2   4:21pm  20.2   6:16am   33    0  0.00   0  10  11:03am SSW 30.14   74
24   41.1  59.3   2:48pm  23.3   7:48am   24    0  0.00   2  21  12:51pm SSW 29.94   62
25   52.0  60.7   2:51pm  42.6  11:59pm   13    0  0.00   6  27   1:43pm WSW 29.92   48
26   38.9  53.8   3:28pm  25.0   7:54am   26    0  0.00   1  21   1:32pm WSW 30.20   66
27   42.7  63.7   3:57pm  26.4   6:20am   22    0  0.00   1  18   2:04pm SSW 30.19   66
28   48.1  64.5   3:28pm  34.2   6:57am   17    0  0.00   3  31  12:11pm SSW 30.18   57
29   46.0  58.7   3:35pm  35.0   5:24am   19    0  0.00   1  11   3:46pm  NE 30.24   70
30   43.7  55.1   1:00pm  32.7  11:58pm   21    0  0.02   1  18   5:29pm WSW 30.11   87
---------------------------------------------------------------------------------------
TOT  45.5  77.0  11/5/17  20.2 11/23/17  594    9  2.86   4  56 11/18/17 SSW 30.16   74

HEAT BASE: 65.0
COOL BASE: 65.0