Currently issues with obtaining and updating Warning / Advisory Data consistently

NOAA ALL HAZARDS WEATHER RADIO Live Streams

NOAA-Style Climate Reports


Report for 2019 April
                  MONTHLY CLIMATOLOGICAL SUMMARY FOR 4/2019
                                        HEAT  COOL        
     MEAN                               DEG   DEG       WIND SPEED       DOM MEAN  MEAN
DAY  TEMP  HIGH   TIME     LOW   TIME   DAYS  DAYS RAIN AVG  HI  TIME    DIR BAROM HUM
---------------------------------------------------------------------------------------
1    34.9  48.1   5:51pm  20.7   7:29am   30    0  0.00   2  21   1:17pm  NE 30.35   60
2    44.3  59.5   6:17pm  29.2   3:29am   21    0  0.00   3  24   4:46pm  SW 30.15   57
3    51.5  66.6   5:10pm  35.9   2:09am   14    0  0.00   1  18   3:34pm  SW 30.28   51
4    61.2  74.2   3:49pm  46.7   4:02am    6    3  0.00   2  37  10:24pm SSW 30.24   46
5    54.6  63.8  12:00am  50.7   6:30am   10    0  0.34   2  29  12:21am ENE 30.10   90
6    60.0  72.1   5:57pm  52.3   7:42am    6    1  0.00   1  15   4:22pm ENE 30.16   79
7    60.7  70.6  12:27pm  51.5   2:24am    5    0  0.83   3  28  12:21pm SSW 30.04   88
8    64.0  72.0   5:34pm  58.5  11:49pm    2    1  0.04   3  26  10:08am SSW 29.93   85
9    62.8  73.8   4:42pm  51.0  11:45pm    4    2  0.00   3  28   4:49pm  NW 29.85   65
10   59.2  75.1   3:38pm  40.7   7:16am    8    2  0.00   1  15   3:07pm ENE 29.89   59
11   69.0  83.1   3:36pm  53.9   6:23am    3    7  0.00   5  36  12:42pm   S 29.80   54
12   64.5  73.2  12:00am  52.0  11:57pm    2    2  0.28   7  50   6:28am  SW 29.90   65
13   57.7  70.0   3:58pm  45.1   6:30am    8    1  0.03   1  19  11:51pm  NE 30.06   70
14   59.4  79.9   2:22pm  41.1  11:58pm    9    3  1.12  12  55   3:51pm WSW 29.59   77
15   42.8  53.6   7:19pm  37.8   8:51am   22    0  0.00   6  39  12:32am WSW 30.06   70
16   58.0  77.6   5:14pm  36.4   7:03am   11    4  0.00   5  37   5:36pm SSW 30.12   61
17   67.1  78.0   5:26pm  53.1   7:20am    2    5  0.00   3  28  12:21pm SSW 30.00   60
18   71.2  79.9   4:14pm  64.3   7:59am    0    6  0.00   7  44  12:04pm SSW 29.76   58
19   51.8  64.6  12:00am  45.0  11:41pm   13    0  2.26   7  47  11:33pm   N 29.52   95
20   41.3  45.1  12:00am  36.1   8:58am   24    0  0.21   4  28  12:58am WSW 29.67   94
21   53.4  71.4   6:41pm  41.7  12:08am   12    1  0.00   2  16   1:42pm WSW 30.08   72
22   60.7  78.7   5:40pm  42.5   5:42am    8    4  0.00   1  18   4:56pm ENE 30.18   65
23   67.6  82.1   4:42pm  54.3   1:24am    3    6  0.01   5  37   2:09pm  SW 30.02   65
24   64.6  78.5   4:53pm  53.8   6:52am    4    4  0.24   3  39  10:38pm NNE 29.96   78
25   66.5  76.6   3:28pm  59.0   6:18am    2    4  0.11   3  39   8:20pm SSW 29.79   83
26   58.9  66.8   4:35pm  50.6   8:21am    6    0  0.89   9  47   5:20pm WSW 29.76   71
27   54.2  66.8   1:11pm  42.6   6:57am   11    0  0.06   2  19  11:13am  SW 29.92   65
28   54.8  64.6   2:33am  45.8  11:55pm   10    0  0.00   6  34   7:04am NNE 30.03   74
29   61.4  80.7   6:12pm  42.7   6:45am    8    5  0.00   4  44   4:16pm  SW 30.11   73
30   70.1  84.3   4:31pm  58.2   7:02am    2    7  0.00   2  21   5:21pm   S 30.15   74
---------------------------------------------------------------------------------------
TOT  58.3  84.3  4/30/19  20.7   4/1/19  268   66  6.42   4  55  4/14/19  SW 29.98   70

HEAT BASE: 65.0
COOL BASE: 65.0