NOAA ALL HAZARDS WEATHER RADIO Live Streams

NOAA-Style Climate Reports


Report for 2019 October
                  MONTHLY CLIMATOLOGICAL SUMMARY FOR 10/2019
                                        HEAT  COOL        
     MEAN                               DEG   DEG       WIND SPEED       DOM MEAN  MEAN
DAY  TEMP  HIGH   TIME     LOW   TIME   DAYS  DAYS RAIN AVG  HI  TIME    DIR BAROM HUM
---------------------------------------------------------------------------------------
1    79.3  94.5   5:28pm  65.5   7:08am    0   14  0.00   2  26   4:54pm SSW 30.00   71
2    78.7  94.5   4:50pm  64.6   6:12am    0   14  0.00   3  29   1:48pm SSW 29.92   68
3    77.9  93.6   4:16pm  62.7   7:18am    0   13  0.00   4  29   2:32pm  SW 29.95   69
4    64.4  73.3   4:14pm  56.8   8:13am    3    2  0.00   5  26   9:25am   N 30.15   63
5    64.1  86.9   5:38pm  49.1   7:47am    6    5  0.00   2  18   1:03am   N 30.03   65
6    67.7  75.6  12:41pm  60.0  12:55am    1    4  2.33   3  31  10:34am   S 30.02   87
7    55.0  60.5   6:15pm  46.4  11:58pm   10    0  1.27   3  28   5:49am   N 30.12   91
8    56.2  71.5   5:08pm  45.3  12:59am   10    1  0.02   3  29   1:38pm   N 30.12   74
9    56.8  65.6   5:58pm  48.0   5:05am    8    0  0.00   1  10  12:22pm NNE 30.07   90
10   65.2  82.8   4:10pm  49.6   5:10am    5    6  0.00   1  15   4:20pm SSE 30.04   77
11   68.1  77.3   4:02pm  49.9  11:58pm    2    5  0.06   3  37  10:17pm   S 29.96   73
12   46.9  59.7   5:16pm  37.2   8:21am   18    0  0.10   3  24  12:56am  SW 30.08   72
13   49.8  69.2   4:30pm  32.2   6:59am   16    1  0.00   2  23   5:10pm   S 29.96   68
14   54.8  71.2   6:37pm  39.9   7:49am   11    1  0.00   2  21   1:57pm SSW 30.01   60
15   57.0  75.5   3:16pm  36.9   8:15am   11    3  0.00   2  26   3:42pm   S 29.93   75
16   51.2  67.0  12:06am  45.3  11:57pm   14    0  0.83   6  36   6:42am  SW 29.83   81
17   47.4  59.6   5:12pm  37.1   7:42am   18    0  0.00   2  21   2:20pm  SW 29.95   73
18   47.2  65.4   4:59pm  33.0   7:55am   18    0  0.00   1  16  12:52pm NNE 29.98   76
19   54.8  75.0   5:03pm  37.1   4:40am   12    2  0.00   1  24   1:27pm SSE 29.84   71
20   63.4  75.5   4:09pm  56.5  11:59pm    4    2  0.00   1  13   6:26pm SSW 29.82   79
21   62.1  78.0   2:40pm  53.5   3:18am    5    2  0.17   4  39   2:49pm SSE 29.77   87
22   57.9  63.7   4:38pm  50.2  11:05pm    7    0  0.00   6  36  12:17pm SSW 29.80   72
23   52.3  66.4   4:48pm  38.0   8:09am   13    0  0.00   2  19   2:30pm   S 30.06   58
24   54.6  74.1   5:25pm  36.8   8:12am   12    1  0.00   1  23   1:05pm   S 30.16   62
25   51.9  62.0   3:45pm  42.4   5:04am   13    0  0.00   0  11   8:16pm   W 30.17   84
26   57.6  66.4  11:16pm  51.6   3:41am    7    0  1.68   4  42  11:26pm NNE 29.80   93
27   57.3  66.3   5:39pm  45.3  11:58pm    8    0  0.00   5  36   2:23am SSW 29.88   80
28   53.8  73.5   4:45pm  37.8   7:38am   13    1  0.00   1  15  12:55pm   E 30.01   83
29   53.3  59.6   3:02pm  46.1   4:14am   12    0  0.00   1  11  12:55pm  SW 30.09   89
30   56.2  60.6   8:13pm  49.6  12:13am    9    0  1.71   1  13  11:27am NNE 29.95   94
31   47.3  63.3   7:55am  33.6  11:48pm   18    0  1.37   9  50  12:31pm  SW 29.82   90
---------------------------------------------------------------------------------------
TOT  58.4  94.5  10/1/19  32.2 10/13/19  280   76  9.54   3  45 10/31/19 SSW 29.98   77

HEAT BASE: 65.0
COOL BASE: 65.0