NOAA-Style Climate Reports
Select a Year or Month report
2024: Jan Feb Mar Apr May Jun Jul Aug Sep Oct Nov Dec
2023: Jan Feb Mar Apr May Jun Jul Aug Sep Oct Nov Dec
2022: Jan Feb Mar Apr May Jun Jul Aug Sep Oct Nov Dec
2021: Jan Feb Mar Apr May Jun Jul Aug Sep Oct Nov Dec
2020: Jan Feb Mar Apr May Jun Jul Aug Sep Oct Nov Dec
2019: Jan Feb Mar Apr May Jun Jul Aug Sep Oct Nov Dec
2018: Jan Feb Mar Apr May Jun Jul Aug Sep Oct Nov Dec
2017: Jan Feb Mar Apr May Jun Jul Aug Sep Oct Nov Dec
2016: Jan Feb Mar Apr May Jun Jul Aug Sep Oct Nov Dec
2015: Jan Feb Mar Apr May Jun Jul Aug Sep Oct Nov Dec
2014: Jan Feb Mar Apr May Jun Jul Aug Sep Oct Nov Dec
2013: Jan Feb Mar Apr May Jun Jul Aug Sep Oct Nov Dec
2012: Jan Feb Mar Apr May Jun Jul Aug Sep Oct Nov Dec
2011: Jan Feb Mar Apr May Jun Jul Aug Sep Oct Nov Dec
2010: Jan Feb Mar Apr May Jun Jul Aug Sep Oct Nov Dec
2024: Jan Feb Mar Apr May Jun Jul Aug Sep Oct Nov Dec
2023: Jan Feb Mar Apr May Jun Jul Aug Sep Oct Nov Dec
2022: Jan Feb Mar Apr May Jun Jul Aug Sep Oct Nov Dec
2021: Jan Feb Mar Apr May Jun Jul Aug Sep Oct Nov Dec
2020: Jan Feb Mar Apr May Jun Jul Aug Sep Oct Nov Dec
2019: Jan Feb Mar Apr May Jun Jul Aug Sep Oct Nov Dec
2018: Jan Feb Mar Apr May Jun Jul Aug Sep Oct Nov Dec
2017: Jan Feb Mar Apr May Jun Jul Aug Sep Oct Nov Dec
2016: Jan Feb Mar Apr May Jun Jul Aug Sep Oct Nov Dec
2015: Jan Feb Mar Apr May Jun Jul Aug Sep Oct Nov Dec
2014: Jan Feb Mar Apr May Jun Jul Aug Sep Oct Nov Dec
2013: Jan Feb Mar Apr May Jun Jul Aug Sep Oct Nov Dec
2012: Jan Feb Mar Apr May Jun Jul Aug Sep Oct Nov Dec
2011: Jan Feb Mar Apr May Jun Jul Aug Sep Oct Nov Dec
2010: Jan Feb Mar Apr May Jun Jul Aug Sep Oct Nov Dec
Report for 2024 February
MONTHLY CLIMATOLOGICAL SUMMARY FOR 2/2024 HEAT COOL MEAN DEG DEG WIND SPEED DOM MEAN MEAN DAY TEMP HIGH TIME LOW TIME DAYS DAYS RAIN AVG HI TIME DIR BAROM HUM --------------------------------------------------------------------------------------- 1 43.7 59.3 4:02pm 28.4 2:46am 21 0 0.00 2 14 11:31am SW 30.10 76 2 43.2 57.0 3:32pm 31.3 7:27am 22 0 0.00 1 12 1:08pm NE 30.03 80 3 41.7 56.5 4:02pm 29.6 7:59am 23 0 0.00 2 14 12:21pm ENE 30.06 74 4 45.2 61.7 3:03pm 29.7 6:44am 20 0 0.00 2 17 5:06pm NE 29.92 66 5 45.0 62.2 4:17pm 30.1 6:56am 20 0 0.00 1 15 1:35pm NE 29.96 61 6 39.4 53.2 3:44pm 28.3 11:20pm 26 0 0.00 1 17 4:36am NE 30.18 77 7 42.8 66.6 3:22pm 24.0 5:09am 22 0 0.00 0 11 2:26pm SW 30.23 67 8 50.5 66.1 3:21pm 35.1 3:12am 14 0 0.00 2 21 11:51am SW 30.11 61 9 56.3 62.0 2:17pm 49.2 8:25am 9 0 0.00 2 18 2:21pm SW 29.99 77 10 55.6 60.6 1:04pm 46.7 11:59pm 9 0 0.57 1 18 6:00am SW 29.93 91 11 44.4 55.4 4:07pm 38.7 11:14pm 21 0 0.09 1 9 3:08am NE 29.98 85 12 44.0 53.8 3:20pm 34.5 7:20am 21 0 0.00 2 17 5:55pm NE 29.81 73 13 43.1 55.5 3:48pm 30.8 7:28am 22 0 0.00 2 23 3:34pm SW 30.00 62 14 41.6 60.7 3:55pm 28.4 8:03am 23 0 0.00 0 8 12:27pm ENE 30.20 75 15 45.8 64.0 4:00pm 30.0 5:56am 19 0 0.00 2 24 10:16am SW 30.09 72 16 34.8 46.5 1:24pm 27.1 4:43am 30 0 0.14 1 14 12:19pm NE 30.05 84 17 26.6 33.2 3:42pm 18.5 11:58pm 38 0 0.00 1 18 3:55pm SW 30.20 74 18 28.9 47.5 3:43pm 17.2 5:27am 36 0 0.07 3 18 12:53pm SW 30.14 65 19 33.7 56.3 4:10pm 17.0 7:11am 31 0 0.00 0 9 1:56pm SW 30.22 71 20 39.1 62.3 4:12pm 21.1 5:47am 26 0 0.00 0 9 12:03pm SW 30.28 69 21 47.0 68.2 3:50pm 25.5 7:30am 18 0 0.00 1 21 3:46pm SW 30.16 65 22 56.7 60.8 10:35am 50.2 11:58pm 8 0 0.57 3 23 9:12am SW 29.74 76 23 51.1 61.2 1:03pm 42.1 11:51pm 14 0 0.00 2 24 4:39pm SW 29.69 74 24 38.1 45.8 4:05am 23.0 11:14pm 27 0 0.00 2 18 7:31am SW 29.95 73 25 40.5 62.3 4:09pm 20.2 4:21am 25 0 0.00 1 18 5:23pm SW 30.05 71 26 58.5 75.3 3:50pm 38.0 1:34am 8 2 0.00 2 15 11:07am SW 29.88 63 27 63.1 70.4 11:49pm 56.0 8:10am 2 0 0.18 2 26 11:35pm SW 29.63 76 28 48.2 71.2 4:15am 29.4 11:58pm 18 1 0.76 4 29 6:32am SW 29.89 74 29 31.9 47.9 3:56pm 18.2 6:42am 33 0 0.00 1 9 1:14pm ENE 30.52 66 --------------------------------------------------------------------------------------- TOT 44.2 75.3 2/26/24 17.0 2/19/24 609 4 2.38 2 29 2/28/24 SW 30.03 72 HEAT BASE: 65.0 COOL BASE: 65.0