NOAA-Style Climate Reports
Select a Year or Month report
2024: Jan Feb Mar Apr May Jun Jul Aug Sep Oct Nov Dec
2023: Jan Feb Mar Apr May Jun Jul Aug Sep Oct Nov Dec
2022: Jan Feb Mar Apr May Jun Jul Aug Sep Oct Nov Dec
2021: Jan Feb Mar Apr May Jun Jul Aug Sep Oct Nov Dec
2020: Jan Feb Mar Apr May Jun Jul Aug Sep Oct Nov Dec
2019: Jan Feb Mar Apr May Jun Jul Aug Sep Oct Nov Dec
2018: Jan Feb Mar Apr May Jun Jul Aug Sep Oct Nov Dec
2017: Jan Feb Mar Apr May Jun Jul Aug Sep Oct Nov Dec
2016: Jan Feb Mar Apr May Jun Jul Aug Sep Oct Nov Dec
2015: Jan Feb Mar Apr May Jun Jul Aug Sep Oct Nov Dec
2014: Jan Feb Mar Apr May Jun Jul Aug Sep Oct Nov Dec
2013: Jan Feb Mar Apr May Jun Jul Aug Sep Oct Nov Dec
2012: Jan Feb Mar Apr May Jun Jul Aug Sep Oct Nov Dec
2011: Jan Feb Mar Apr May Jun Jul Aug Sep Oct Nov Dec
2010: Jan Feb Mar Apr May Jun Jul Aug Sep Oct Nov Dec
2024: Jan Feb Mar Apr May Jun Jul Aug Sep Oct Nov Dec
2023: Jan Feb Mar Apr May Jun Jul Aug Sep Oct Nov Dec
2022: Jan Feb Mar Apr May Jun Jul Aug Sep Oct Nov Dec
2021: Jan Feb Mar Apr May Jun Jul Aug Sep Oct Nov Dec
2020: Jan Feb Mar Apr May Jun Jul Aug Sep Oct Nov Dec
2019: Jan Feb Mar Apr May Jun Jul Aug Sep Oct Nov Dec
2018: Jan Feb Mar Apr May Jun Jul Aug Sep Oct Nov Dec
2017: Jan Feb Mar Apr May Jun Jul Aug Sep Oct Nov Dec
2016: Jan Feb Mar Apr May Jun Jul Aug Sep Oct Nov Dec
2015: Jan Feb Mar Apr May Jun Jul Aug Sep Oct Nov Dec
2014: Jan Feb Mar Apr May Jun Jul Aug Sep Oct Nov Dec
2013: Jan Feb Mar Apr May Jun Jul Aug Sep Oct Nov Dec
2012: Jan Feb Mar Apr May Jun Jul Aug Sep Oct Nov Dec
2011: Jan Feb Mar Apr May Jun Jul Aug Sep Oct Nov Dec
2010: Jan Feb Mar Apr May Jun Jul Aug Sep Oct Nov Dec
Report for 2024 March
MONTHLY CLIMATOLOGICAL SUMMARY FOR 3/2024 HEAT COOL MEAN DEG DEG WIND SPEED DOM MEAN MEAN DAY TEMP HIGH TIME LOW TIME DAYS DAYS RAIN AVG HI TIME DIR BAROM HUM --------------------------------------------------------------------------------------- 1 37.6 45.8 1:09pm 26.3 2:44am 27 0 0.13 0 9 11:52am NE 30.29 84 2 49.1 56.8 3:38pm 44.4 12:00am 16 0 0.01 0 8 2:52pm SW 30.16 92 3 53.0 70.7 3:50pm 40.1 6:14am 13 1 0.00 1 12 3:52pm WSW 30.11 86 4 62.9 79.4 4:05pm 49.4 5:17am 6 4 0.00 1 15 10:44am SW 30.05 80 5 60.4 68.8 1:16pm 52.7 6:56am 5 0 0.17 1 15 1:40pm SW 29.95 89 6 56.9 64.2 2:44pm 49.1 11:55pm 8 0 1.11 1 15 6:53pm NE 29.90 95 7 50.9 55.9 1:30pm 46.3 6:55am 14 0 0.00 1 9 8:55am NE 30.05 89 8 55.5 62.9 2:34pm 50.1 1:34am 9 0 0.28 0 11 3:46am NE 29.95 92 9 50.6 57.7 12:00am 41.6 11:59pm 14 0 0.23 1 23 6:23pm SW 29.81 90 10 42.0 50.7 4:50pm 31.8 11:46pm 22 0 0.00 3 27 10:32am SW 30.08 59 11 40.8 61.0 4:53pm 21.9 7:02am 24 0 0.00 1 15 1:17pm SW 30.27 65 12 49.7 70.3 4:20pm 30.8 7:41am 16 1 0.00 1 18 4:36pm SW 30.08 60 13 56.4 75.9 5:15pm 39.0 4:03am 11 2 0.00 1 15 1:02pm SW 29.96 67 14 65.0 80.7 4:45pm 47.6 6:20am 5 5 0.04 3 27 1:48pm SW 29.94 75 15 54.5 69.1 12:00am 38.4 11:50pm 11 0 0.73 1 21 12:36am NE 29.96 94 16 49.5 65.3 4:25pm 34.7 8:04am 15 0 0.01 1 18 3:34pm SW 29.96 76 17 48.8 56.9 4:56pm 36.5 8:27am 16 0 0.00 3 29 1:26pm SW 29.87 55 18 34.9 39.7 1:10pm 28.7 7:32am 26 0 0.00 2 18 10:16am WSW 30.07 63 --------------------------------------------------------------------------------------- TOT 51.2 80.7 3/14/24 21.9 3/11/24 260 13 2.71 1 29 3/17/24 SW 30.02 79 HEAT BASE: 65.0 COOL BASE: 65.0