] Frankfort Weather — Twin Hollies Weather Center - NOAA-Style Climate Reports
FLASH FLOOD WATCH UNTIL 2:00PM TUESDAY
Frankfort Weaher US is currently performing maintainence and upgrading some hardware and weather scripts.
Some Weather Cams will be off line, for exampkle, and there may be sporadic feature and data interruptions. Currently issues with obtaining and updating Warning / Advisory Data consistently.
NOAA ALL HAZARDS WEATHER RADIO Live Streams

NOAA-Style Climate Reports

Select a Year or Month report
2019: Jan Feb Mar Apr May Jun Jul Aug Sep Oct Nov Dec
2018: Jan Feb Mar Apr May Jun Jul Aug Sep Oct Nov Dec
2017: Jan Feb Mar Apr May Jun Jul Aug Sep Oct Nov Dec
2016: Jan Feb Mar Apr May Jun Jul Aug Sep Oct Nov Dec
2015: Jan Feb Mar Apr May Jun Jul Aug Sep Oct Nov Dec
2014: Jan Feb Mar Apr May Jun Jul Aug Sep Oct Nov Dec
2013: Jan Feb Mar Apr May Jun Jul Aug Sep Oct Nov Dec
2012: Jan Feb Mar Apr May Jun Jul Aug Sep Oct Nov Dec
2011: Jan Feb Mar Apr May Jun Jul Aug Sep Oct Nov Dec
2010: Jan Feb Mar Apr May Jun Jul Aug Sep Oct Nov Dec

Report for 2019 June
                  MONTHLY CLIMATOLOGICAL SUMMARY FOR 6/2019
                                        HEAT  COOL        
     MEAN                               DEG   DEG       WIND SPEED       DOM MEAN  MEAN
DAY  TEMP  HIGH   TIME     LOW   TIME   DAYS  DAYS RAIN AVG  HI  TIME    DIR BAROM HUM
---------------------------------------------------------------------------------------
1    70.8  85.1   4:32pm  55.3   6:25am    2    8  0.00   0   8   1:22pm SSE 29.92   77
2    72.1  86.3   3:04pm  59.4   6:15am    1    8  0.00   1  15   2:13pm   S 29.87   74
3    65.2  79.9   4:40pm  45.6   6:25am    4    4  0.00   0  10  12:30pm NNE 30.11   61
4    68.6  84.3   3:45pm  51.7   6:08am    4    7  0.00   1  16  12:36pm   S 30.08   69
5    75.1  91.0   5:40pm  67.5  11:55pm    0   10  0.66   1  21   8:17pm   S 29.88   78
6    74.4  85.5   3:51pm  65.0   5:54am    0    9  0.16   0  13   9:12pm   S 29.87   86
7    70.0  73.8  12:02pm  67.9   6:11am    0    5  0.48   2  18  12:59pm NNE 29.84   94
8    73.2  81.1   3:32pm  67.9   7:50am    0    8  0.45   3  23   4:21pm NNE 29.87   88
9    73.5  81.9   2:19pm  67.7   5:48am    0    9  0.14   1  16   5:19pm NNE 29.92   89
10   71.5  80.3  12:56pm  59.8  11:59pm    0    7  0.02   1  21   4:10pm NNE 30.02   83
11   62.3  76.4   4:48pm  45.5   6:14am    6    3  0.00   1  15  12:59pm NNE 30.19   68
12   63.4  73.7  12:25pm  51.8   5:05am    4    3  0.01   2  16  12:55pm   S 29.97   83
13   63.3  69.4   6:10pm  54.0  11:58pm    3    1  0.00   7  39   2:37pm  SW 29.92   68
14   63.0  77.4   5:02pm  43.1   6:17am    6    4  0.00   2  21   3:49pm   S 30.15   62
15   74.4  83.0   3:48pm  65.0   6:37am    0    9  0.00   6  32  11:55am   S 30.00   63
16   74.4  88.5   3:27pm  65.9   8:22am    0    9  2.38   6  58   5:18pm   S 29.88   80
17   68.0  75.6  12:59pm  66.0   4:03am    0    2  0.48   1  18   9:23am   S 29.94   96
---------------------------------------------------------------------------------------
TOT  69.7  91.0   6/5/19  43.1  6/14/19   31  108  4.78   2  58  6/16/19   S 29.97   77

HEAT BASE: 65.0
COOL BASE: 65.0