NOAA ALL HAZARDS WEATHER RADIO Live Streams

NOAA-Style Climate Reports

Select a Year or Month report
2021: Jan Feb Mar Apr May Jun Jul Aug Sep Oct Nov Dec
2020: Jan Feb Mar Apr May Jun Jul Aug Sep Oct Nov Dec
2019: Jan Feb Mar Apr May Jun Jul Aug Sep Oct Nov Dec
2018: Jan Feb Mar Apr May Jun Jul Aug Sep Oct Nov Dec
2017: Jan Feb Mar Apr May Jun Jul Aug Sep Oct Nov Dec
2016: Jan Feb Mar Apr May Jun Jul Aug Sep Oct Nov Dec
2015: Jan Feb Mar Apr May Jun Jul Aug Sep Oct Nov Dec
2014: Jan Feb Mar Apr May Jun Jul Aug Sep Oct Nov Dec
2013: Jan Feb Mar Apr May Jun Jul Aug Sep Oct Nov Dec
2012: Jan Feb Mar Apr May Jun Jul Aug Sep Oct Nov Dec
2011: Jan Feb Mar Apr May Jun Jul Aug Sep Oct Nov Dec
2010: Jan Feb Mar Apr May Jun Jul Aug Sep Oct Nov Dec

Report for 2021 April
                  MONTHLY CLIMATOLOGICAL SUMMARY FOR 4/2021
                                        HEAT  COOL        
     MEAN                               DEG   DEG       WIND SPEED       DOM MEAN  MEAN
DAY  TEMP  HIGH   TIME     LOW   TIME   DAYS  DAYS RAIN AVG  HI  TIME    DIR BAROM HUM
---------------------------------------------------------------------------------------
1    35.2  41.4  12:00am  29.6   7:25am   30    0  0.00   6  34   6:36pm   W 30.35   57
2    35.7  51.6   7:35pm  23.3   6:50am   29    0  0.00   1  23   4:05pm   W 30.50   57
3    45.1  64.2   6:30pm  26.0   3:51am   20    0  0.00   2  23   3:55pm   S 30.37   56
4    55.9  74.2   4:39pm  34.6   7:19am   11    2  0.00   2  23   4:01pm SSW 30.20   50
5    59.2  76.0   5:14pm  39.8   6:39am    9    3  0.00   3  28   4:05pm SSW 30.06   59
6    62.5  78.1   4:00pm  44.2   7:37am    7    4  0.00   2  23   3:32pm   S 29.98   66
7    66.6  82.4   4:35pm  50.8   6:40am    4    6  0.00   2  28   1:29pm   S 29.90   69
8    63.9  71.4   5:29pm  60.4   9:08am    2    1  0.13   2  26   1:33pm ESE 29.70   80
9    67.1  81.7   5:30pm  53.0   5:36am    3    5  0.00   4  40   2:58pm   S 29.79   57
10   62.4  67.4   9:42am  57.8  11:51pm    3    0  0.59   3  24   4:57pm SSE 29.60   80
11   52.8  58.1  12:06am  50.1  11:35pm   12    0  0.11   5  42  11:06am   S 29.50   79
12   56.6  69.3   5:55pm  46.4   6:51am    9    1  0.04   5  32   2:38pm SSW 29.78   73
13   56.6  69.7   5:15pm  46.0   7:14am    9    0  0.01   1  15   5:45pm   W 30.07   71
14   50.7  56.0   1:39am  45.0  11:58pm   14    0  0.02   1  19   4:50am SSW 30.05   82
15   46.9  56.5   5:44pm  39.9   7:30am   18    0  0.02   3  29   9:49am   W 29.98   68
16   47.5  62.9   6:29pm  30.7   6:55am   18    0  0.04   1  18   1:44pm   W 29.94   70
17   48.9  59.8   2:15pm  39.4   3:03am   16    0  0.01   1  19  12:10pm   W 29.88   80
18   45.4  62.2  12:57pm  33.9   7:28am   11    0  0.01   1  18  12:57pm SSW 29.93   82
---------------------------------------------------------------------------------------
TOT  53.5  82.4   4/7/21  23.3   4/2/21  225   23  0.98   2  32   4/9/21   S 29.98   68

HEAT BASE: 65.0
COOL BASE: 65.0