NOAA ALL HAZARDS WEATHER RADIO Live Streams

NOAA-Style Climate Reports

Select a Year or Month report
2020: Jan Feb Mar Apr May Jun Jul Aug Sep Oct Nov Dec
2019: Jan Feb Mar Apr May Jun Jul Aug Sep Oct Nov Dec
2018: Jan Feb Mar Apr May Jun Jul Aug Sep Oct Nov Dec
2017: Jan Feb Mar Apr May Jun Jul Aug Sep Oct Nov Dec
2016: Jan Feb Mar Apr May Jun Jul Aug Sep Oct Nov Dec
2015: Jan Feb Mar Apr May Jun Jul Aug Sep Oct Nov Dec
2014: Jan Feb Mar Apr May Jun Jul Aug Sep Oct Nov Dec
2013: Jan Feb Mar Apr May Jun Jul Aug Sep Oct Nov Dec
2012: Jan Feb Mar Apr May Jun Jul Aug Sep Oct Nov Dec
2011: Jan Feb Mar Apr May Jun Jul Aug Sep Oct Nov Dec
2010: Jan Feb Mar Apr May Jun Jul Aug Sep Oct Nov Dec

Report for 2020 January
                  MONTHLY CLIMATOLOGICAL SUMMARY FOR 1/2020
                                        HEAT  COOL        
     MEAN                               DEG   DEG       WIND SPEED       DOM MEAN  MEAN
DAY  TEMP  HIGH   TIME     LOW   TIME   DAYS  DAYS RAIN AVG  HI  TIME    DIR BAROM HUM
---------------------------------------------------------------------------------------
1    39.8  49.1   4:15pm  31.1   8:05am   25    0  0.00   5  26  12:42pm SSW 29.92   65
2    45.3  52.3  11:53pm  33.9   3:21am   20    0  0.16   2  32  11:49am SSE 29.78   78
3    51.5  53.3   3:08pm  49.1  11:39pm   14    0  0.77   2  18   3:51am   S 29.72   96
4    40.0  49.1  12:00am  34.6  11:36pm   25    0  0.09   8  36   5:51pm  SW 29.91   84
5    38.9  48.7   3:57pm  29.4   8:23am   26    0  0.00   7  29   2:21pm   S 30.14   72
6    37.7  49.5   4:11pm  27.9  10:47pm   27    0  0.00   2  19  12:47am  SW 30.14   68
7    39.8  49.3   3:39pm  30.1  12:00am   25    0  0.00   5  32   3:54pm SSW 30.03   60
8    37.8  46.9   3:27pm  29.4   9:45pm   27    0  0.00   5  24   2:15am SSW 30.30   52
9    45.1  59.5   1:53pm  28.2   7:34am   20    0  0.00   4  29   2:40pm SSE 30.32   50
10   59.1  66.2   2:54pm  53.8  12:43am    6    0  0.13   4  29  11:50am SSE 30.15   70
11   61.4  71.5  12:15pm  46.2  11:59pm    4    1  1.09   9  49  10:12am   S 29.75   84
12   41.0  46.2  12:00am  34.3  11:39pm   24    0  0.00   4  47  12:03am SSW 30.20   86
13   40.1  48.7   4:18pm  31.9   4:16am   25    0  0.01   1  11   9:56am   S 30.29   87
14   47.4  56.4   4:16pm  37.7  11:54pm   18    0  0.00   3  23   8:48am SSW 30.13   87
15   49.9  66.8   4:21pm  36.2   2:48am   15    0  0.04   4  36   5:57pm SSW 30.06   91
16   39.3  49.5  12:04am  27.5  11:44pm   26    0  0.00   6  29  12:47pm   W 30.46   69
17   29.8  35.7  11:56pm  24.2   6:30am   35    0  0.00   6  26  10:27am NNE 30.60   68
18   46.0  52.5   3:58pm  35.7  12:00am   15    0  0.48   9  47  12:32pm   S 29.99   76
---------------------------------------------------------------------------------------
TOT  43.9  71.5  1/11/20  24.2  1/17/20  377    1  2.77   5  49  1/11/20   S 30.11   75

HEAT BASE: 65.0
COOL BASE: 65.0