NOAA ALL HAZARDS WEATHER RADIO Live Streams

NOAA-Style Climate Reports


Report for 2020 August
                  MONTHLY CLIMATOLOGICAL SUMMARY FOR 8/2020
                                        HEAT  COOL        
     MEAN                               DEG   DEG       WIND SPEED       DOM MEAN  MEAN
DAY  TEMP  HIGH   TIME     LOW   TIME   DAYS  DAYS RAIN AVG  HI  TIME    DIR BAROM HUM
---------------------------------------------------------------------------------------
1    76.2  85.6   4:28pm  70.3   2:22am    0   11  0.39   5  32   2:25pm   S 29.76   87
2    73.0  82.0   6:16pm  66.1   5:37am    0    8  0.02   7  28   2:38am SSW 29.88   79
3    73.9  86.6   5:35pm  63.9   7:06am    0    9  0.00   2  21   1:07pm SSW 29.93   80
4    69.0  79.9   6:27pm  62.1   5:47am    1    5  0.01   1  18   5:54pm   W 29.93   85
5    68.8  80.1   2:48pm  58.1   5:52am    2    6  0.00   1  15   6:08pm NNW 30.04   79
6    71.0  81.9   2:54pm  60.2   7:09am    1    7  0.00   3  23  11:45am   N 30.02   76
7    72.2  83.9   4:19pm  61.4   7:04am    0    8  0.00   1  16   5:13pm   N 30.06   75
8    72.7  87.4   4:12pm  58.9   6:44am    1    9  0.00   1  15   1:11pm   N 30.11   75
9    76.6  92.7   4:28pm  61.1   6:50am    1   12  0.00   1  16   2:30pm   S 30.07   75
10   75.1  86.7   6:17pm  68.6   6:25am    0   10  0.93   1  40  11:17pm SSE 29.99   87
11   76.5  88.3   5:23pm  67.3   6:57am    0   11  0.03   1  16  12:00am  SW 29.94   82
12   78.0  88.2   4:04pm  67.8   7:04am    0   13  0.00   1  18   5:54pm   W 29.98   84
13   79.4  89.8   3:41pm  70.1   7:13am    0   14  0.00   1  16   1:30pm NNE 29.96   82
14   75.8  83.4   6:20pm  71.4  11:26am    0   11  0.04   1  15   2:21pm   N 29.90   86
15   77.0  86.6   5:03pm  70.1   7:00am    0   12  0.00   2  21   1:59pm NNW 29.86   81
16   76.0  86.5   2:17pm  66.5   7:01am    0   11  0.18   2  29   2:28pm   W 29.89   81
17   74.5  86.7   5:12pm  60.8   6:56am    0   10  0.00   1  18   1:51pm  SW 29.96   74
18   69.3  85.4   1:36pm  64.3   5:48am    0    4  1.94   2  49   2:08pm   N 29.90   88
19   69.7  79.8   6:10pm  61.2   7:05am    1    5  0.00   4  21   5:11pm   N 29.96   77
20   69.9  83.8   5:59pm  54.3   7:13am    2    7  0.00   2  18   1:10pm NNE 29.95   72
21   71.4  82.9   2:49pm  63.2   6:30am    0    7  0.01   0  18   3:38pm  NW 29.89   86
22   72.6  85.4   3:07pm  67.2  11:52pm    0    8  0.58   1  21   3:46pm NNE 29.90   90
23   74.4  86.1   6:05pm  64.8   6:08am    0    9  0.01   1  16   4:37pm  SE 29.99   84
24   77.5  89.6   5:57pm  65.6   7:11am    0   12  0.00   2  16  12:24pm SSW 30.04   79
25   78.7  91.5   4:24pm  67.0   7:03am    0   14  0.00   1  15   3:37pm  SW 30.02   81
26   79.8  89.7   4:16pm  68.8   7:15am    0   15  0.00   2  21   2:46pm   S 30.01   81
27   79.3  87.0   4:45pm  73.4   6:51am    0   14  0.00   2  18   1:55pm   S 29.94   85
28   79.0  88.5   3:13pm  71.8  11:16pm    0   14  1.32   3  31   4:22pm   S 29.81   84
29   75.2  85.4   5:06pm  70.9   7:33am    0   10  0.39   3  21  12:37am  SW 29.70   88
30   71.4  79.7   3:29pm  60.3   7:24am    0    7  0.00   2  16   1:49pm NNE 29.83   77
31   71.6  83.1   5:47pm  64.9   3:11am    0    7  0.44   1  13   3:07pm NNE 29.80   90
---------------------------------------------------------------------------------------
TOT  74.4  92.7   8/9/20  54.3  8/20/20   10  300  6.29   2  49  8/18/20 SSW 29.93   82

HEAT BASE: 65.0
COOL BASE: 65.0